{"id":98218,"date":"2020-03-21T10:59:57","date_gmt":"2020-03-21T09:59:57","guid":{"rendered":"https:\/\/www.sport4club.be\/?post_type=product&#038;p=98218"},"modified":"2024-08-21T12:49:43","modified_gmt":"2024-08-21T10:49:43","slug":"dunlop-srixon-sx-300-lite-270gr","status":"publish","type":"product","link":"https:\/\/www.sport4club.be\/index.php\/product\/dunlop-srixon-sx-300-lite-270gr\/","title":{"rendered":"dunlop sx 300 lite (270gr)"},"content":{"rendered":"<p>La raquette\u00a0<strong>Dunlop SX 300 Lite<\/strong>\u00a0est la plus l\u00e9g\u00e8re de la gamme. Tr\u00e8s maniable, elle procure un acc\u00e8s facile aux effets et une bonne vitesse de balle. Elle s&#8217;adresse aux jeunes joueurs souhaitant un premier cadre adulte pour aux femmes de niveau interm\u00e9diaire pour jouer un jeu lift\u00e9 agressif.<\/p>\n<p>La gamme SX de la marque Dunlop est revisit\u00e9e pour am\u00e9liorer la\u00a0<strong>puissance<\/strong>\u00a0et l&#8217;acc\u00e8s aux\u00a0<strong>effets<\/strong>\u00a0gr\u00e2ce \u00e0 un plan de cordage plus ouvert ainsi que des oeillets sp\u00e9cifiques centraux dynamiques. Cette version Lite dispose d&#8217;un plan de cordage 16&#215;18, tol\u00e9rant, vif et offrant une excellente prise d&#8217;effet.<\/p>\n<p>Le mod\u00e8le SX 300 Lite affiche un poids moyen de\u00a0<strong>270 grammes<\/strong>\u00a0qui vous offre une excellente maniabilit\u00e9. La vitesse de balle est facilement accessible avec son \u00e9quilibre en t\u00eate (33cm).<\/p>\n<p>Cette raquette est d\u00e9di\u00e9e pour les jeunes joueurs,\u00a0<strong>lifteurs<\/strong>\u00a0comme aux femmes de niveau interm\u00e9diaire qui souhaitent une raquette puissante et tr\u00e8s maniable avec laquelle ils pourront imposer leur jeu de fond de court avec des trajectoires bomb\u00e9es.<\/p>\n","protected":false},"excerpt":{"rendered":"<p>La raquette\u00a0Dunlop SX 300 Lite\u00a0est la plus l\u00e9g\u00e8re de la gamme. Tr\u00e8s maniable, elle procure un acc\u00e8s facile aux effets et une bonne vitesse de balle. Elle s&#8217;adresse aux jeunes joueurs souhaitant un premier cadre adulte pour aux femmes de niveau interm\u00e9diaire pour jouer un jeu lift\u00e9 agressif. La gamme SX de la marque Dunlop [&hellip;]<\/p>\n","protected":false},"featured_media":113303,"comment_status":"closed","ping_status":"closed","template":"","meta":[],"product_cat":[145],"product_tag":[],"_links":{"self":[{"href":"https:\/\/www.sport4club.be\/index.php\/wp-json\/wp\/v2\/product\/98218"}],"collection":[{"href":"https:\/\/www.sport4club.be\/index.php\/wp-json\/wp\/v2\/product"}],"about":[{"href":"https:\/\/www.sport4club.be\/index.php\/wp-json\/wp\/v2\/types\/product"}],"replies":[{"embeddable":true,"href":"https:\/\/www.sport4club.be\/index.php\/wp-json\/wp\/v2\/comments?post=98218"}],"wp:featuredmedia":[{"embeddable":true,"href":"https:\/\/www.sport4club.be\/index.php\/wp-json\/wp\/v2\/media\/113303"}],"wp:attachment":[{"href":"https:\/\/www.sport4club.be\/index.php\/wp-json\/wp\/v2\/media?parent=98218"}],"wp:term":[{"taxonomy":"product_cat","embeddable":true,"href":"https:\/\/www.sport4club.be\/index.php\/wp-json\/wp\/v2\/product_cat?post=98218"},{"taxonomy":"product_tag","embeddable":true,"href":"https:\/\/www.sport4club.be\/index.php\/wp-json\/wp\/v2\/product_tag?post=98218"}],"curies":[{"name":"wp","href":"https:\/\/api.w.org\/{rel}","templated":true}]}}