{"id":97061,"date":"2020-03-11T14:57:43","date_gmt":"2020-03-11T13:57:43","guid":{"rendered":"https:\/\/www.sport4club.be\/?post_type=product&#038;p=97061"},"modified":"2020-03-11T14:57:43","modified_gmt":"2020-03-11T13:57:43","slug":"babolat-play-jacket","status":"publish","type":"product","link":"https:\/\/www.sport4club.be\/index.php\/product\/babolat-play-jacket\/","title":{"rendered":"Babolat Play Jacket"},"content":{"rendered":"<p>Cette veste Babolat est un essentiel de la garde robe d&#8217;un tennisman.<br \/>\nId\u00e9ale pour vos matchs de tennis et vos \u00e9chauffements, cette veste sp\u00e9cialement d\u00e9velopp\u00e9e pour les sports de raquettes garantira un confort optimal et une excellente libert\u00e9 de mouvements.<br \/>\nSa coupe athl\u00e9tique mettra votre carrure d&#8217;athl\u00e8te en valeur. <\/p>\n","protected":false},"excerpt":{"rendered":"<p>Cette veste Babolat est un essentiel de la garde robe d&#8217;un tennisman. Id\u00e9ale pour vos matchs de tennis et vos \u00e9chauffements, cette veste sp\u00e9cialement d\u00e9velopp\u00e9e pour les sports de raquettes garantira un confort optimal et une excellente libert\u00e9 de mouvements. Sa coupe athl\u00e9tique mettra votre carrure d&#8217;athl\u00e8te en valeur.<\/p>\n","protected":false},"featured_media":97062,"comment_status":"open","ping_status":"closed","template":"","meta":[],"product_cat":[481],"product_tag":[],"_links":{"self":[{"href":"https:\/\/www.sport4club.be\/index.php\/wp-json\/wp\/v2\/product\/97061"}],"collection":[{"href":"https:\/\/www.sport4club.be\/index.php\/wp-json\/wp\/v2\/product"}],"about":[{"href":"https:\/\/www.sport4club.be\/index.php\/wp-json\/wp\/v2\/types\/product"}],"replies":[{"embeddable":true,"href":"https:\/\/www.sport4club.be\/index.php\/wp-json\/wp\/v2\/comments?post=97061"}],"wp:featuredmedia":[{"embeddable":true,"href":"https:\/\/www.sport4club.be\/index.php\/wp-json\/wp\/v2\/media\/97062"}],"wp:attachment":[{"href":"https:\/\/www.sport4club.be\/index.php\/wp-json\/wp\/v2\/media?parent=97061"}],"wp:term":[{"taxonomy":"product_cat","embeddable":true,"href":"https:\/\/www.sport4club.be\/index.php\/wp-json\/wp\/v2\/product_cat?post=97061"},{"taxonomy":"product_tag","embeddable":true,"href":"https:\/\/www.sport4club.be\/index.php\/wp-json\/wp\/v2\/product_tag?post=97061"}],"curies":[{"name":"wp","href":"https:\/\/api.w.org\/{rel}","templated":true}]}}