{"id":96996,"date":"2020-03-11T10:02:28","date_gmt":"2020-03-11T09:02:28","guid":{"rendered":"https:\/\/www.sport4club.be\/?post_type=product&#038;p=96996"},"modified":"2024-12-05T10:35:04","modified_gmt":"2024-12-05T09:35:04","slug":"babolat-play-polo","status":"publish","type":"product","link":"https:\/\/www.sport4club.be\/index.php\/product\/babolat-play-polo\/","title":{"rendered":"Babolat Play Polo"},"content":{"rendered":"<p>Ce polo de tennis Babolat Club a \u00e9t\u00e9 con\u00e7u \u00e0 partir d&#8217;un tissu en polyester l\u00e9ger et performant.<br \/>\nSp\u00e9cialement \u00e9tudi\u00e9 pour offrir une exp\u00e9rience de jeu optimal lors de votre effort, ce dernier vous garantira une excellente libert\u00e9 de mouvement ainsi qu&#8217;un confort total.<br \/>\nSon design simple et uni se mariera parfaitement \u00e0 l&#8217;ensemble de vos tenues.<\/p>\n","protected":false},"excerpt":{"rendered":"<p>Ce polo de tennis Babolat Club a \u00e9t\u00e9 con\u00e7u \u00e0 partir d&#8217;un tissu en polyester l\u00e9ger et performant. Sp\u00e9cialement \u00e9tudi\u00e9 pour offrir une exp\u00e9rience de jeu optimal lors de votre effort, ce dernier vous garantira une excellente libert\u00e9 de mouvement ainsi qu&#8217;un confort total. Son design simple et uni se mariera parfaitement \u00e0 l&#8217;ensemble de [&hellip;]<\/p>\n","protected":false},"featured_media":96998,"comment_status":"open","ping_status":"closed","template":"","meta":[],"product_cat":[481],"product_tag":[],"_links":{"self":[{"href":"https:\/\/www.sport4club.be\/index.php\/wp-json\/wp\/v2\/product\/96996"}],"collection":[{"href":"https:\/\/www.sport4club.be\/index.php\/wp-json\/wp\/v2\/product"}],"about":[{"href":"https:\/\/www.sport4club.be\/index.php\/wp-json\/wp\/v2\/types\/product"}],"replies":[{"embeddable":true,"href":"https:\/\/www.sport4club.be\/index.php\/wp-json\/wp\/v2\/comments?post=96996"}],"wp:featuredmedia":[{"embeddable":true,"href":"https:\/\/www.sport4club.be\/index.php\/wp-json\/wp\/v2\/media\/96998"}],"wp:attachment":[{"href":"https:\/\/www.sport4club.be\/index.php\/wp-json\/wp\/v2\/media?parent=96996"}],"wp:term":[{"taxonomy":"product_cat","embeddable":true,"href":"https:\/\/www.sport4club.be\/index.php\/wp-json\/wp\/v2\/product_cat?post=96996"},{"taxonomy":"product_tag","embeddable":true,"href":"https:\/\/www.sport4club.be\/index.php\/wp-json\/wp\/v2\/product_tag?post=96996"}],"curies":[{"name":"wp","href":"https:\/\/api.w.org\/{rel}","templated":true}]}}