{"id":95846,"date":"2020-02-20T11:47:21","date_gmt":"2020-02-20T10:47:21","guid":{"rendered":"https:\/\/www.sport4club.be\/?post_type=product&#038;p=95846"},"modified":"2024-02-10T11:52:14","modified_gmt":"2024-02-10T10:52:14","slug":"prince-phantom-100-x-290gr","status":"publish","type":"product","link":"https:\/\/www.sport4club.be\/index.php\/product\/prince-phantom-100-x-290gr\/","title":{"rendered":"Prince Phantom 100 X (290gr)"},"content":{"rendered":"<p><em>La gamme de raquettes Prince Phantom reste fid\u00e8le \u00e0 ses valeurs avec une rigidit\u00e9 parmi les plus faibles du march\u00e9 mais \u00e9galement une section tr\u00e8s fine (22-18 mm) pour offrir un maximum de pr\u00e9cision sur chaque frappe et d\u00e9border vos adversaires en touchant des zones extraordinaires.<\/em><\/p>\n<p><em>Cette version dispose d&#8217;un poids de 290 g associ\u00e9 \u00e0 un \u00e9quilibre de 32 cm qui rendront cette raquette plus maniable que les autres de la gamme, afin de pouvoir acc\u00e9l\u00e9rer plus facilement la t\u00eate de raquette et gagner en r\u00e9activit\u00e9 au filet.<\/em><br \/>\n<em>Le tamis de 645 cm\u00b2 rend cette version 100X plus facile \u00e0 jouer que la version 93P gr\u00e2ce \u00e0 la polyvalence offerte par la taille de son tamis, ce qui offrira donc plus de tol\u00e9rance lors des d\u00e9centrages.<\/em><br \/>\n<em>Le plan de cordage 16&#215;18 est assez nerveux et d\u00e9gagera de la puissance ainsi qu&#8217;une prise d&#8217;effet tr\u00e8s int\u00e9ressante pour finir les points avec panache !<\/em><br \/>\n<em>La section fine (22-18 mm) accentuera toujours plus le contr\u00f4le propos\u00e9 par cette raquette.<\/em><\/p>\n","protected":false},"excerpt":{"rendered":"<p>La gamme de raquettes Prince Phantom reste fid\u00e8le \u00e0 ses valeurs avec une rigidit\u00e9 parmi les plus faibles du march\u00e9 mais \u00e9galement une section tr\u00e8s fine (22-18 mm) pour offrir un maximum de pr\u00e9cision sur chaque frappe et d\u00e9border vos adversaires en touchant des zones extraordinaires. Cette version dispose d&#8217;un poids de 290 g associ\u00e9 [&hellip;]<\/p>\n","protected":false},"featured_media":95847,"comment_status":"open","ping_status":"closed","template":"","meta":[],"product_cat":[145],"product_tag":[],"_links":{"self":[{"href":"https:\/\/www.sport4club.be\/index.php\/wp-json\/wp\/v2\/product\/95846"}],"collection":[{"href":"https:\/\/www.sport4club.be\/index.php\/wp-json\/wp\/v2\/product"}],"about":[{"href":"https:\/\/www.sport4club.be\/index.php\/wp-json\/wp\/v2\/types\/product"}],"replies":[{"embeddable":true,"href":"https:\/\/www.sport4club.be\/index.php\/wp-json\/wp\/v2\/comments?post=95846"}],"wp:featuredmedia":[{"embeddable":true,"href":"https:\/\/www.sport4club.be\/index.php\/wp-json\/wp\/v2\/media\/95847"}],"wp:attachment":[{"href":"https:\/\/www.sport4club.be\/index.php\/wp-json\/wp\/v2\/media?parent=95846"}],"wp:term":[{"taxonomy":"product_cat","embeddable":true,"href":"https:\/\/www.sport4club.be\/index.php\/wp-json\/wp\/v2\/product_cat?post=95846"},{"taxonomy":"product_tag","embeddable":true,"href":"https:\/\/www.sport4club.be\/index.php\/wp-json\/wp\/v2\/product_tag?post=95846"}],"curies":[{"name":"wp","href":"https:\/\/api.w.org\/{rel}","templated":true}]}}