{"id":95619,"date":"2020-02-16T12:42:45","date_gmt":"2020-02-16T11:42:45","guid":{"rendered":"https:\/\/www.sport4club.be\/?post_type=product&#038;p=95619"},"modified":"2023-11-04T09:55:29","modified_gmt":"2023-11-04T08:55:29","slug":"tecnifibre-nrg2-200m","status":"publish","type":"product","link":"https:\/\/www.sport4club.be\/index.php\/product\/tecnifibre-nrg2-200m\/","title":{"rendered":"tecnifibre NRG2 200M"},"content":{"rendered":"<p>Le cordage Tecnifibre NRG\u00b2 est le multifilament qui poss\u00e8de le plus de fibre Elastyl. Ce mat\u00e9riau lui permet d&#8217;offrir une puissance explosive sur chacune de vos frappes ainsi qu&#8217;un confort hors pair.<\/p>\n<p>Le cordage Tecnifibre NRG\u00b2 est destin\u00e9 aux joueurs qui aiment la souplesse dans un cordage et \u00e9galement le maximum de puissance et de confort dans leur jeu. Nous vous conseillons de le poser sur des raquettes orient\u00e9es contr\u00f4le fin d&#8217;obtenir le meilleur compromis raquette\/cordage.<\/p>\n<p>Il conviendra \u00e0 un large panel de joueur allant du d\u00e9fenseur \u00e0 l&#8217;attaquant. Cependant, la puissance de cette corde est fortement appr\u00e9ci\u00e9e par les d\u00e9fenseurs et les contre attaquants. Il ne s&#8217;adresse clairement pas au lifteur mais sera id\u00e9al pour un jeu \u00e0 plat percutant !<\/p>\n","protected":false},"excerpt":{"rendered":"<p>Le cordage Tecnifibre NRG\u00b2 est le multifilament qui poss\u00e8de le plus de fibre Elastyl. Ce mat\u00e9riau lui permet d&#8217;offrir une puissance explosive sur chacune de vos frappes ainsi qu&#8217;un confort hors pair. Le cordage Tecnifibre NRG\u00b2 est destin\u00e9 aux joueurs qui aiment la souplesse dans un cordage et \u00e9galement le maximum de puissance et de [&hellip;]<\/p>\n","protected":false},"featured_media":95620,"comment_status":"open","ping_status":"closed","template":"","meta":[],"product_cat":[108],"product_tag":[],"_links":{"self":[{"href":"https:\/\/www.sport4club.be\/index.php\/wp-json\/wp\/v2\/product\/95619"}],"collection":[{"href":"https:\/\/www.sport4club.be\/index.php\/wp-json\/wp\/v2\/product"}],"about":[{"href":"https:\/\/www.sport4club.be\/index.php\/wp-json\/wp\/v2\/types\/product"}],"replies":[{"embeddable":true,"href":"https:\/\/www.sport4club.be\/index.php\/wp-json\/wp\/v2\/comments?post=95619"}],"wp:featuredmedia":[{"embeddable":true,"href":"https:\/\/www.sport4club.be\/index.php\/wp-json\/wp\/v2\/media\/95620"}],"wp:attachment":[{"href":"https:\/\/www.sport4club.be\/index.php\/wp-json\/wp\/v2\/media?parent=95619"}],"wp:term":[{"taxonomy":"product_cat","embeddable":true,"href":"https:\/\/www.sport4club.be\/index.php\/wp-json\/wp\/v2\/product_cat?post=95619"},{"taxonomy":"product_tag","embeddable":true,"href":"https:\/\/www.sport4club.be\/index.php\/wp-json\/wp\/v2\/product_tag?post=95619"}],"curies":[{"name":"wp","href":"https:\/\/api.w.org\/{rel}","templated":true}]}}