{"id":95009,"date":"2020-02-08T10:18:55","date_gmt":"2020-02-08T09:18:55","guid":{"rendered":"https:\/\/www.sport4club.be\/?post_type=product&#038;p=95009"},"modified":"2022-12-08T16:09:17","modified_gmt":"2022-12-08T15:09:17","slug":"solinco-confidential-200m","status":"publish","type":"product","link":"https:\/\/www.sport4club.be\/index.php\/product\/solinco-confidential-200m\/","title":{"rendered":"Solinco Confidential 200M"},"content":{"rendered":"<p>Solinco \u00e9toffe sa gamme de cordage avec le nouveau Solinco Confidential. Cette nouvelle r\u00e9f\u00e9rence est un monofilament qui a \u00e9t\u00e9 d\u00e9velopp\u00e9 durant plusieurs ann\u00e9es pour proposer un niveau incroyable de contr\u00f4le et de prise d&#8217;effet tout en apportant plus de confort et de sensations !<\/p>\n<p>Comme le Tour Bite, le cordage Solinco est un co-poly structur\u00e9 en forme de carr\u00e9 bomb\u00e9. S&#8217;il reste ferme pour vous procurer beaucoup de pr\u00e9cision, il est ind\u00e9niablement au dessus la moyenne en terme de confort.<\/p>\n<p>LE SOLINCO CONFIDENTIAL EST ID\u00c9AL POUR LES COMP\u00c9TITEURS \u00c0 LA RECHERCHE D&#8217;UN MAXIMUM DE CONTR\u00d4LE ET DE SPIN POUR DICTER L&#8217;\u00c9CHANGE AVEC DES FRAPPES PUISSANTES TOUT EN SOUHAITANT UN SURPLUS DE CONFORT ET DE SENSATIONS \u00c0 LA FRAPPE. NUL DOUTE QUE LE CONFIDENTIAL VA S&#8217;IMPOSER COMME UNE VALEUR S\u00dbRE DANS LA GAMME SOLINCO !<\/p>\n","protected":false},"excerpt":{"rendered":"<p>Solinco \u00e9toffe sa gamme de cordage avec le nouveau Solinco Confidential. Cette nouvelle r\u00e9f\u00e9rence est un monofilament qui a \u00e9t\u00e9 d\u00e9velopp\u00e9 durant plusieurs ann\u00e9es pour proposer un niveau incroyable de contr\u00f4le et de prise d&#8217;effet tout en apportant plus de confort et de sensations ! Comme le Tour Bite, le cordage Solinco est un co-poly [&hellip;]<\/p>\n","protected":false},"featured_media":95010,"comment_status":"open","ping_status":"closed","template":"","meta":[],"product_cat":[108],"product_tag":[],"_links":{"self":[{"href":"https:\/\/www.sport4club.be\/index.php\/wp-json\/wp\/v2\/product\/95009"}],"collection":[{"href":"https:\/\/www.sport4club.be\/index.php\/wp-json\/wp\/v2\/product"}],"about":[{"href":"https:\/\/www.sport4club.be\/index.php\/wp-json\/wp\/v2\/types\/product"}],"replies":[{"embeddable":true,"href":"https:\/\/www.sport4club.be\/index.php\/wp-json\/wp\/v2\/comments?post=95009"}],"wp:featuredmedia":[{"embeddable":true,"href":"https:\/\/www.sport4club.be\/index.php\/wp-json\/wp\/v2\/media\/95010"}],"wp:attachment":[{"href":"https:\/\/www.sport4club.be\/index.php\/wp-json\/wp\/v2\/media?parent=95009"}],"wp:term":[{"taxonomy":"product_cat","embeddable":true,"href":"https:\/\/www.sport4club.be\/index.php\/wp-json\/wp\/v2\/product_cat?post=95009"},{"taxonomy":"product_tag","embeddable":true,"href":"https:\/\/www.sport4club.be\/index.php\/wp-json\/wp\/v2\/product_tag?post=95009"}],"curies":[{"name":"wp","href":"https:\/\/api.w.org\/{rel}","templated":true}]}}