{"id":93820,"date":"2020-01-26T09:42:33","date_gmt":"2020-01-26T08:42:33","guid":{"rendered":"https:\/\/www.sport4club.be\/?post_type=product&#038;p=93820"},"modified":"2021-01-05T16:26:41","modified_gmt":"2021-01-05T15:26:41","slug":"adidas-backpack-pro-tour-2-0","status":"publish","type":"product","link":"https:\/\/www.sport4club.be\/index.php\/product\/adidas-backpack-pro-tour-2-0\/","title":{"rendered":"Adidas Backpack Pro Tour 2.0"},"content":{"rendered":"<p>Le nouveau sac \u00e0 dos PRO TOUR 2.0 LIME est le mod\u00e8le qui s\u2019adapte le mieux \u00e0 vos besoins. Vous pourrez transporter tout votre mat\u00e9riel gr\u00e2ce \u00e0 son compartiment central et \u00e0 ses deux compartiments sur les c\u00f4t\u00e9s pour ranger vos affaires. Il poss\u00e8de \u00e9galement un compartiment sp\u00e9cifique pour ranger votre raquette, votre ordinateur portable ou tout ce que vous voudrez.<\/p>\n<p>FACILIT\u00c9 DE TRANSPORT<br \/>\nPortez-le de plusieurs fa\u00e7ons. Vous pouvez porter ce sac comme un sac \u00e0 dos ou en le tenant par sa poign\u00e9e sup\u00e9rieure.<br \/>\nCAPACIT\u00c9<br \/>\nGrand compartiment central, deux compartiments sur les c\u00f4t\u00e9s et un compartiment sp\u00e9cifique pour la raquette.<br \/>\nR\u00c9SISTANCE<br \/>\nDes mat\u00e9riaux imperm\u00e9ables, des finitions de qualit\u00e9 et une grande durabilit\u00e9 pour une utilisation habituelle.<\/p>\n<p>DIMENSIONS 48x14x31\u00a0cm<br \/>\nCAPACIT\u00c9 &#8211; 4 raquettes<br \/>\n100\u00a0% POLYESTER<br \/>\nImperm\u00e9able<br \/>\nCouleur\u00a0: Noir et jaune \/ Noir et orange<\/p>\n","protected":false},"excerpt":{"rendered":"<p>Le nouveau sac \u00e0 dos PRO TOUR 2.0 LIME est le mod\u00e8le qui s\u2019adapte le mieux \u00e0 vos besoins. Vous pourrez transporter tout votre mat\u00e9riel gr\u00e2ce \u00e0 son compartiment central et \u00e0 ses deux compartiments sur les c\u00f4t\u00e9s pour ranger vos affaires. Il poss\u00e8de \u00e9galement un compartiment sp\u00e9cifique pour ranger votre raquette, votre ordinateur portable [&hellip;]<\/p>\n","protected":false},"featured_media":93822,"comment_status":"open","ping_status":"closed","template":"","meta":[],"product_cat":[89],"product_tag":[],"_links":{"self":[{"href":"https:\/\/www.sport4club.be\/index.php\/wp-json\/wp\/v2\/product\/93820"}],"collection":[{"href":"https:\/\/www.sport4club.be\/index.php\/wp-json\/wp\/v2\/product"}],"about":[{"href":"https:\/\/www.sport4club.be\/index.php\/wp-json\/wp\/v2\/types\/product"}],"replies":[{"embeddable":true,"href":"https:\/\/www.sport4club.be\/index.php\/wp-json\/wp\/v2\/comments?post=93820"}],"wp:featuredmedia":[{"embeddable":true,"href":"https:\/\/www.sport4club.be\/index.php\/wp-json\/wp\/v2\/media\/93822"}],"wp:attachment":[{"href":"https:\/\/www.sport4club.be\/index.php\/wp-json\/wp\/v2\/media?parent=93820"}],"wp:term":[{"taxonomy":"product_cat","embeddable":true,"href":"https:\/\/www.sport4club.be\/index.php\/wp-json\/wp\/v2\/product_cat?post=93820"},{"taxonomy":"product_tag","embeddable":true,"href":"https:\/\/www.sport4club.be\/index.php\/wp-json\/wp\/v2\/product_tag?post=93820"}],"curies":[{"name":"wp","href":"https:\/\/api.w.org\/{rel}","templated":true}]}}