{"id":93812,"date":"2020-01-26T09:19:13","date_gmt":"2020-01-26T08:19:13","guid":{"rendered":"https:\/\/www.sport4club.be\/?post_type=product&#038;p=93812"},"modified":"2021-01-05T16:28:49","modified_gmt":"2021-01-05T15:28:49","slug":"adidas-pro-tour-2-0","status":"publish","type":"product","link":"https:\/\/www.sport4club.be\/index.php\/product\/adidas-pro-tour-2-0\/","title":{"rendered":"Adidas Racket Bag Pro Tour 2.0"},"content":{"rendered":"<p>Faites la diff\u00e9rence avec le nouveau sac PRO TOUR 2.0 orange. Vous aurez assez de place pour transporter votre mat\u00e9riel sportif gr\u00e2ce aux compartiments sp\u00e9cifiques pour les raquettes et aux nombreuses poches de diff\u00e9rentes tailles. Fabriqu\u00e9 dans un mat\u00e9riau isolant thermique, ce sac est dot\u00e9 d\u2019un grand compartiment central, de deux compartiments sur les c\u00f4t\u00e9s et d\u2019un compartiment sp\u00e9cifique pour vos chaussures.<\/p>\n<p>FACILIT\u00c9 DE TRANSPORT<br \/>\nPortez-le de plusieurs fa\u00e7ons. Vous pouvez porter ce sac comme un sac \u00e0 dos, crois\u00e9 en bandouli\u00e8re ou en le tenant par sa poign\u00e9e sup\u00e9rieure.<br \/>\nCAPACIT\u00c9<br \/>\nGrand compartiment central pour vos raquettes, deux compartiments sur les c\u00f4t\u00e9s et un compartiment sp\u00e9cifique pour les chaussures.<br \/>\nR\u00c9SISTANCE<br \/>\nDes mat\u00e9riaux imperm\u00e9ables, des finitions de qualit\u00e9 et une grande durabilit\u00e9 pour une utilisation habituelle. Mat\u00e9riau thermique.<\/p>\n<p>DIMENSIONS 55x43x30\u00a0cm<br \/>\nCAPACIT\u00c9 &#8211; 11 raquettes<br \/>\n100 % POLYESTER<br \/>\nMat\u00e9riau isolant thermique<br \/>\nImperm\u00e9able<br \/>\nCouleur\u00a0: Noir et orange \/ Noir et jaune<\/p>\n","protected":false},"excerpt":{"rendered":"<p>Faites la diff\u00e9rence avec le nouveau sac PRO TOUR 2.0 orange. Vous aurez assez de place pour transporter votre mat\u00e9riel sportif gr\u00e2ce aux compartiments sp\u00e9cifiques pour les raquettes et aux nombreuses poches de diff\u00e9rentes tailles. Fabriqu\u00e9 dans un mat\u00e9riau isolant thermique, ce sac est dot\u00e9 d\u2019un grand compartiment central, de deux compartiments sur les c\u00f4t\u00e9s [&hellip;]<\/p>\n","protected":false},"featured_media":93813,"comment_status":"open","ping_status":"closed","template":"","meta":[],"product_cat":[89],"product_tag":[],"_links":{"self":[{"href":"https:\/\/www.sport4club.be\/index.php\/wp-json\/wp\/v2\/product\/93812"}],"collection":[{"href":"https:\/\/www.sport4club.be\/index.php\/wp-json\/wp\/v2\/product"}],"about":[{"href":"https:\/\/www.sport4club.be\/index.php\/wp-json\/wp\/v2\/types\/product"}],"replies":[{"embeddable":true,"href":"https:\/\/www.sport4club.be\/index.php\/wp-json\/wp\/v2\/comments?post=93812"}],"wp:featuredmedia":[{"embeddable":true,"href":"https:\/\/www.sport4club.be\/index.php\/wp-json\/wp\/v2\/media\/93813"}],"wp:attachment":[{"href":"https:\/\/www.sport4club.be\/index.php\/wp-json\/wp\/v2\/media?parent=93812"}],"wp:term":[{"taxonomy":"product_cat","embeddable":true,"href":"https:\/\/www.sport4club.be\/index.php\/wp-json\/wp\/v2\/product_cat?post=93812"},{"taxonomy":"product_tag","embeddable":true,"href":"https:\/\/www.sport4club.be\/index.php\/wp-json\/wp\/v2\/product_tag?post=93812"}],"curies":[{"name":"wp","href":"https:\/\/api.w.org\/{rel}","templated":true}]}}