{"id":91835,"date":"2019-12-08T18:12:17","date_gmt":"2019-12-08T17:12:17","guid":{"rendered":"https:\/\/www.sport4club.be\/?post_type=product&#038;p=91835"},"modified":"2025-07-06T15:38:46","modified_gmt":"2025-07-06T13:38:46","slug":"nox-serviette-pour-un-meilleur-grip","status":"publish","type":"product","link":"https:\/\/www.sport4club.be\/index.php\/product\/nox-serviette-pour-un-meilleur-grip\/","title":{"rendered":"Nox Grip Enhancer Serviette"},"content":{"rendered":"<p>D\u00e9couvrez l&#8217;un des secrets les mieux gard\u00e9s de Miguel Lamperti : la serviette pour un meilleur grip Gorilla Gold\u00ae, maintenant avec une formule sp\u00e9cifique pour le padel en exclusivit\u00e9 pour Nox.<\/p>\n<p>La serviette Nox qui offre un meilleur grip vous permettra de :<\/p>\n<p>R\u00e9duire le nombre d&#8217;erreurs dans votre jeu dues \u00e0 une mauvaise prise en main ou au glissement de la raquette dans votre main.<br \/>\nR\u00e9duire les risques de blessures musculaires et articulaires du bras en r\u00e9duisant l&#8217;effort n\u00e9cessaire pour saisir la raquette.<br \/>\nContr\u00f4ler le niveau d&#8217;adh\u00e9rence souhait\u00e9 simplement en pressant la serviette plus ou moins sur le grip.<\/p>\n","protected":false},"excerpt":{"rendered":"<p>D\u00e9couvrez l&#8217;un des secrets les mieux gard\u00e9s de Miguel Lamperti : la serviette pour un meilleur grip Gorilla Gold\u00ae, maintenant avec une formule sp\u00e9cifique pour le padel en exclusivit\u00e9 pour Nox. La serviette Nox qui offre un meilleur grip vous permettra de : R\u00e9duire le nombre d&#8217;erreurs dans votre jeu dues \u00e0 une mauvaise prise [&hellip;]<\/p>\n","protected":false},"featured_media":91836,"comment_status":"open","ping_status":"closed","template":"","meta":[],"product_cat":[87],"product_tag":[],"_links":{"self":[{"href":"https:\/\/www.sport4club.be\/index.php\/wp-json\/wp\/v2\/product\/91835"}],"collection":[{"href":"https:\/\/www.sport4club.be\/index.php\/wp-json\/wp\/v2\/product"}],"about":[{"href":"https:\/\/www.sport4club.be\/index.php\/wp-json\/wp\/v2\/types\/product"}],"replies":[{"embeddable":true,"href":"https:\/\/www.sport4club.be\/index.php\/wp-json\/wp\/v2\/comments?post=91835"}],"wp:featuredmedia":[{"embeddable":true,"href":"https:\/\/www.sport4club.be\/index.php\/wp-json\/wp\/v2\/media\/91836"}],"wp:attachment":[{"href":"https:\/\/www.sport4club.be\/index.php\/wp-json\/wp\/v2\/media?parent=91835"}],"wp:term":[{"taxonomy":"product_cat","embeddable":true,"href":"https:\/\/www.sport4club.be\/index.php\/wp-json\/wp\/v2\/product_cat?post=91835"},{"taxonomy":"product_tag","embeddable":true,"href":"https:\/\/www.sport4club.be\/index.php\/wp-json\/wp\/v2\/product_tag?post=91835"}],"curies":[{"name":"wp","href":"https:\/\/api.w.org\/{rel}","templated":true}]}}