{"id":91810,"date":"2019-12-08T17:17:06","date_gmt":"2019-12-08T16:17:06","guid":{"rendered":"https:\/\/www.sport4club.be\/?post_type=product&#038;p=91810"},"modified":"2024-12-07T08:57:18","modified_gmt":"2024-12-07T07:57:18","slug":"nox-technical-socks-39-45","status":"publish","type":"product","link":"https:\/\/www.sport4club.be\/index.php\/product\/nox-technical-socks-39-45\/","title":{"rendered":"Nox Technical Men Socks (39-45)"},"content":{"rendered":"<p><em>Chaussettes particuli\u00e8rement adapt\u00e9es aux joueurs r\u00e9guliers avec une charge d&#8217;entra\u00eenement hebdomadaire \u00e9lev\u00e9e.\u00a0<\/em><\/p>\n<p class=\"p1\"><em>Taille unique (39-45)<\/em><\/p>\n<p class=\"p1\"><em><strong>Composition<\/strong>\u00a0: 78% Coton \/ 20% Polyamide \/ 2% Elasthanne<\/em><\/p>\n","protected":false},"excerpt":{"rendered":"<p>Chaussettes particuli\u00e8rement adapt\u00e9es aux joueurs r\u00e9guliers avec une charge d&#8217;entra\u00eenement hebdomadaire \u00e9lev\u00e9e.\u00a0 Taille unique (39-45) Composition\u00a0: 78% Coton \/ 20% Polyamide \/ 2% Elasthanne<\/p>\n","protected":false},"featured_media":110707,"comment_status":"open","ping_status":"closed","template":"","meta":[],"product_cat":[87,85],"product_tag":[],"_links":{"self":[{"href":"https:\/\/www.sport4club.be\/index.php\/wp-json\/wp\/v2\/product\/91810"}],"collection":[{"href":"https:\/\/www.sport4club.be\/index.php\/wp-json\/wp\/v2\/product"}],"about":[{"href":"https:\/\/www.sport4club.be\/index.php\/wp-json\/wp\/v2\/types\/product"}],"replies":[{"embeddable":true,"href":"https:\/\/www.sport4club.be\/index.php\/wp-json\/wp\/v2\/comments?post=91810"}],"wp:featuredmedia":[{"embeddable":true,"href":"https:\/\/www.sport4club.be\/index.php\/wp-json\/wp\/v2\/media\/110707"}],"wp:attachment":[{"href":"https:\/\/www.sport4club.be\/index.php\/wp-json\/wp\/v2\/media?parent=91810"}],"wp:term":[{"taxonomy":"product_cat","embeddable":true,"href":"https:\/\/www.sport4club.be\/index.php\/wp-json\/wp\/v2\/product_cat?post=91810"},{"taxonomy":"product_tag","embeddable":true,"href":"https:\/\/www.sport4club.be\/index.php\/wp-json\/wp\/v2\/product_tag?post=91810"}],"curies":[{"name":"wp","href":"https:\/\/api.w.org\/{rel}","templated":true}]}}