{"id":8456,"date":"2018-11-17T10:33:47","date_gmt":"2018-11-17T09:33:47","guid":{"rendered":"https:\/\/www.sport4club.be\/index.php\/product\/babolat-ballfighter-23-205-gr\/"},"modified":"2022-08-12T10:55:34","modified_gmt":"2022-08-12T08:55:34","slug":"babolat-ballfighter-23-205-gr","status":"publish","type":"product","link":"https:\/\/www.sport4club.be\/index.php\/product\/babolat-ballfighter-23-205-gr\/","title":{"rendered":"Babolat BALLFIGHTER 23 (205 GR)"},"content":{"rendered":"<div class=\"ui-widget\" data-priority=\"\" data-item-id=\"090fd824-02bd-477a-b93b-7c37721c871a\" data-aura-rendered-by=\"17:4556;a\">\n<div class=\"product-information slds-grid slds-\">\n<div class=\"details-area slds-size_1-of-1 slds-medium-size_8-of-12 slds-large-size_8-of-12\">\n<section class=\"slds-accordion__section slds-is-open\">\n<div id=\"lgt-accordion-section-6132\" class=\"slds-accordion__content\" aria-hidden=\"false\">\n<p><em>Chez Babolat, nous voulons rendre le tennis ludique pour les enfants. C\u2019est pourquoi nous avons cr\u00e9\u00e9 des raquettes de tennis comme la Ballfighter, pour les aider \u00e0 s\u2019amuser plus rapidement sur les courts gr\u00e2ce \u00e0 un design cool qu&#8217;ils vont adorer. Mais l\u2019apprentissage des fondamentaux, c\u2019est important aussi. Nous avons donc int\u00e9gr\u00e9 des outils p\u00e9dagogiques directement sur la raquette pour aider les enfants \u00e0 ma\u00eetriser les bases du tennis. Ce n\u2019est pas un hasard si la raquette Ballfighter est recommand\u00e9e par 6 000 entra\u00eeneurs partout dans le monde*.<\/em><\/p>\n<p><em>La raquette Ballfighter 23 est adapt\u00e9e aux jeunes joueurs mesurant entre 120 et 130 cm.<\/em><\/p>\n<p><em>*entra\u00eeneurs sous contrat avec Babolat ou affili\u00e9s aux clubs Babolat<\/em><\/p>\n<\/div>\n<\/section>\n<\/div>\n<\/div>\n<\/div>\n<div class=\"ui-widget\" data-priority=\"\" data-item-id=\"3a3c5d0b-e633-4be4-beac-1cf489869769\" data-aura-rendered-by=\"19:4556;a\">\n<div class=\"matrix-row-container\"><\/div>\n<\/div>\n","protected":false},"excerpt":{"rendered":"<p>Chez Babolat, nous voulons rendre le tennis ludique pour les enfants. C\u2019est pourquoi nous avons cr\u00e9\u00e9 des raquettes de tennis comme la Ballfighter, pour les aider \u00e0 s\u2019amuser plus rapidement sur les courts gr\u00e2ce \u00e0 un design cool qu&#8217;ils vont adorer. Mais l\u2019apprentissage des fondamentaux, c\u2019est important aussi. Nous avons donc int\u00e9gr\u00e9 des outils p\u00e9dagogiques [&hellip;]<\/p>\n","protected":false},"featured_media":109463,"comment_status":"closed","ping_status":"closed","template":"","meta":[],"product_cat":[146],"product_tag":[],"_links":{"self":[{"href":"https:\/\/www.sport4club.be\/index.php\/wp-json\/wp\/v2\/product\/8456"}],"collection":[{"href":"https:\/\/www.sport4club.be\/index.php\/wp-json\/wp\/v2\/product"}],"about":[{"href":"https:\/\/www.sport4club.be\/index.php\/wp-json\/wp\/v2\/types\/product"}],"replies":[{"embeddable":true,"href":"https:\/\/www.sport4club.be\/index.php\/wp-json\/wp\/v2\/comments?post=8456"}],"wp:featuredmedia":[{"embeddable":true,"href":"https:\/\/www.sport4club.be\/index.php\/wp-json\/wp\/v2\/media\/109463"}],"wp:attachment":[{"href":"https:\/\/www.sport4club.be\/index.php\/wp-json\/wp\/v2\/media?parent=8456"}],"wp:term":[{"taxonomy":"product_cat","embeddable":true,"href":"https:\/\/www.sport4club.be\/index.php\/wp-json\/wp\/v2\/product_cat?post=8456"},{"taxonomy":"product_tag","embeddable":true,"href":"https:\/\/www.sport4club.be\/index.php\/wp-json\/wp\/v2\/product_tag?post=8456"}],"curies":[{"name":"wp","href":"https:\/\/api.w.org\/{rel}","templated":true}]}}