{"id":5939,"date":"2018-11-16T11:49:36","date_gmt":"2018-11-16T10:49:36","guid":{"rendered":"https:\/\/www.sport4club.be\/index.php\/product\/casquette-technique-rose\/"},"modified":"2024-12-07T08:59:46","modified_gmt":"2024-12-07T07:59:46","slug":"casquette-technique-rose","status":"publish","type":"product","link":"https:\/\/www.sport4club.be\/index.php\/product\/casquette-technique-rose\/","title":{"rendered":"NOX Cap"},"content":{"rendered":"<p><em>Casquette blanche de padel \u00e0 six panels. Prot\u00e9gez-vous du soleil et de la transpiration. Bande de r\u00e9glage. Velcro \u00e0 l\u2019arri\u00e8re. Logo imprim\u00e9 en contraste.<\/em><\/p>\n<div><em><strong>Composition<\/strong>: 100 % polyester.<\/em><\/div>\n<p>&nbsp;<\/p>\n","protected":false},"excerpt":{"rendered":"<p>Casquette blanche de padel \u00e0 six panels. Prot\u00e9gez-vous du soleil et de la transpiration. Bande de r\u00e9glage. Velcro \u00e0 l\u2019arri\u00e8re. Logo imprim\u00e9 en contraste. Composition: 100 % polyester. &nbsp;<\/p>\n","protected":false},"featured_media":109261,"comment_status":"open","ping_status":"closed","template":"","meta":[],"product_cat":[87],"product_tag":[],"_links":{"self":[{"href":"https:\/\/www.sport4club.be\/index.php\/wp-json\/wp\/v2\/product\/5939"}],"collection":[{"href":"https:\/\/www.sport4club.be\/index.php\/wp-json\/wp\/v2\/product"}],"about":[{"href":"https:\/\/www.sport4club.be\/index.php\/wp-json\/wp\/v2\/types\/product"}],"replies":[{"embeddable":true,"href":"https:\/\/www.sport4club.be\/index.php\/wp-json\/wp\/v2\/comments?post=5939"}],"wp:featuredmedia":[{"embeddable":true,"href":"https:\/\/www.sport4club.be\/index.php\/wp-json\/wp\/v2\/media\/109261"}],"wp:attachment":[{"href":"https:\/\/www.sport4club.be\/index.php\/wp-json\/wp\/v2\/media?parent=5939"}],"wp:term":[{"taxonomy":"product_cat","embeddable":true,"href":"https:\/\/www.sport4club.be\/index.php\/wp-json\/wp\/v2\/product_cat?post=5939"},{"taxonomy":"product_tag","embeddable":true,"href":"https:\/\/www.sport4club.be\/index.php\/wp-json\/wp\/v2\/product_tag?post=5939"}],"curies":[{"name":"wp","href":"https:\/\/api.w.org\/{rel}","templated":true}]}}