{"id":5777,"date":"2018-11-16T11:39:09","date_gmt":"2018-11-16T10:39:09","guid":{"rendered":"https:\/\/www.sport4club.be\/index.php\/product\/head-ball-padel-pro-x3\/"},"modified":"2025-12-10T08:22:40","modified_gmt":"2025-12-10T07:22:40","slug":"head-ball-padel-pro-x3","status":"publish","type":"product","link":"https:\/\/www.sport4club.be\/index.php\/product\/head-ball-padel-pro-x3\/","title":{"rendered":"Head PADEL PRO x3balles"},"content":{"rendered":"<p><em>La Head Padel Pro est sans aucun doute la balle la plus c\u00e9l\u00e8bre du circuit professionnel du World Padel Tour. C&#8217;est aussi le mod\u00e8le favori des joueurs eux-m\u00eames. Elle b\u00e9n\u00e9ficie non seulement de la confiance du circuit, mais aussi de celle de la F\u00e9d\u00e9ration espagnole de Padel, de la F\u00e9d\u00e9ration portugaise de Padel et de 12 f\u00e9d\u00e9rations autonomes. Il s&#8217;agit d&#8217;une balle haut de gamme, synonyme de contr\u00f4le remarquable et d&#8217;une r\u00e9sistance in\u00e9gal\u00e9e, destin\u00e9e aux joueurs de padel les plus perspicaces. Essayez-la et faites-vous votre propre opinion\u00a0!<\/em><\/p>\n","protected":false},"excerpt":{"rendered":"<p>La Head Padel Pro est sans aucun doute la balle la plus c\u00e9l\u00e8bre du circuit professionnel du World Padel Tour. C&#8217;est aussi le mod\u00e8le favori des joueurs eux-m\u00eames. Elle b\u00e9n\u00e9ficie non seulement de la confiance du circuit, mais aussi de celle de la F\u00e9d\u00e9ration espagnole de Padel, de la F\u00e9d\u00e9ration portugaise de Padel et de [&hellip;]<\/p>\n","protected":false},"featured_media":5778,"comment_status":"closed","ping_status":"closed","template":"","meta":[],"product_cat":[88,786],"product_tag":[],"_links":{"self":[{"href":"https:\/\/www.sport4club.be\/index.php\/wp-json\/wp\/v2\/product\/5777"}],"collection":[{"href":"https:\/\/www.sport4club.be\/index.php\/wp-json\/wp\/v2\/product"}],"about":[{"href":"https:\/\/www.sport4club.be\/index.php\/wp-json\/wp\/v2\/types\/product"}],"replies":[{"embeddable":true,"href":"https:\/\/www.sport4club.be\/index.php\/wp-json\/wp\/v2\/comments?post=5777"}],"wp:featuredmedia":[{"embeddable":true,"href":"https:\/\/www.sport4club.be\/index.php\/wp-json\/wp\/v2\/media\/5778"}],"wp:attachment":[{"href":"https:\/\/www.sport4club.be\/index.php\/wp-json\/wp\/v2\/media?parent=5777"}],"wp:term":[{"taxonomy":"product_cat","embeddable":true,"href":"https:\/\/www.sport4club.be\/index.php\/wp-json\/wp\/v2\/product_cat?post=5777"},{"taxonomy":"product_tag","embeddable":true,"href":"https:\/\/www.sport4club.be\/index.php\/wp-json\/wp\/v2\/product_tag?post=5777"}],"curies":[{"name":"wp","href":"https:\/\/api.w.org\/{rel}","templated":true}]}}