{"id":5721,"date":"2018-11-16T11:39:00","date_gmt":"2018-11-16T10:39:00","guid":{"rendered":"https:\/\/www.sport4club.be\/index.php\/product\/wilson-pro-overgrips-x3\/"},"modified":"2024-10-10T08:31:13","modified_gmt":"2024-10-10T06:31:13","slug":"wilson-pro-overgrips-x3","status":"publish","type":"product","link":"https:\/\/www.sport4club.be\/index.php\/product\/wilson-pro-overgrips-x3\/","title":{"rendered":"Wilson Overgrips PRO Comfort WHITE x3pces"},"content":{"rendered":"<p>C<em>e grip utilis\u00e9 par de nombreux joueurs professionnels du tour est r\u00e9alis\u00e9 avec un feutre tr\u00e8s fin et extensible. Son confort et sa durabilit\u00e9 en font une r\u00e9f\u00e9rence pour de nombreux joueurs.<\/em><\/p>\n<ul>\n<li><em>Conditionn\u00e9 en lot de 3 surgrips.<\/em><\/li>\n<li><em>Coloris\u00a0<strong>blanc<\/strong>.<\/em><\/li>\n<\/ul>\n","protected":false},"excerpt":{"rendered":"<p>Ce grip utilis\u00e9 par de nombreux joueurs professionnels du tour est r\u00e9alis\u00e9 avec un feutre tr\u00e8s fin et extensible. Son confort et sa durabilit\u00e9 en font une r\u00e9f\u00e9rence pour de nombreux joueurs. Conditionn\u00e9 en lot de 3 surgrips. Coloris\u00a0blanc.<\/p>\n","protected":false},"featured_media":5722,"comment_status":"open","ping_status":"closed","template":"","meta":[],"product_cat":[120],"product_tag":[],"_links":{"self":[{"href":"https:\/\/www.sport4club.be\/index.php\/wp-json\/wp\/v2\/product\/5721"}],"collection":[{"href":"https:\/\/www.sport4club.be\/index.php\/wp-json\/wp\/v2\/product"}],"about":[{"href":"https:\/\/www.sport4club.be\/index.php\/wp-json\/wp\/v2\/types\/product"}],"replies":[{"embeddable":true,"href":"https:\/\/www.sport4club.be\/index.php\/wp-json\/wp\/v2\/comments?post=5721"}],"wp:featuredmedia":[{"embeddable":true,"href":"https:\/\/www.sport4club.be\/index.php\/wp-json\/wp\/v2\/media\/5722"}],"wp:attachment":[{"href":"https:\/\/www.sport4club.be\/index.php\/wp-json\/wp\/v2\/media?parent=5721"}],"wp:term":[{"taxonomy":"product_cat","embeddable":true,"href":"https:\/\/www.sport4club.be\/index.php\/wp-json\/wp\/v2\/product_cat?post=5721"},{"taxonomy":"product_tag","embeddable":true,"href":"https:\/\/www.sport4club.be\/index.php\/wp-json\/wp\/v2\/product_tag?post=5721"}],"curies":[{"name":"wp","href":"https:\/\/api.w.org\/{rel}","templated":true}]}}