{"id":5711,"date":"2018-11-16T11:38:56","date_gmt":"2018-11-16T10:38:56","guid":{"rendered":"https:\/\/www.sport4club.be\/index.php\/product\/wilson-pro-overgrips-perforated-x3\/"},"modified":"2024-08-14T10:26:48","modified_gmt":"2024-08-14T08:26:48","slug":"wilson-pro-overgrips-perforated-x3","status":"publish","type":"product","link":"https:\/\/www.sport4club.be\/index.php\/product\/wilson-pro-overgrips-perforated-x3\/","title":{"rendered":"Wilson overgrips PRO PERFORATED Feel WHITE x3pces"},"content":{"rendered":"<p><em>Surgrips poss\u00e9dant un effet tr\u00e8s collant, r\u00e9sistant et confortable dans une version perfor\u00e9e pour \u00e9vacuer plus rapidement la transpiration.<\/em><\/p>\n<p><em>Le toucher pr\u00e9f\u00e9r\u00e9 par les joueurs du Tour.<\/em><\/p>\n","protected":false},"excerpt":{"rendered":"<p>Surgrips poss\u00e9dant un effet tr\u00e8s collant, r\u00e9sistant et confortable dans une version perfor\u00e9e pour \u00e9vacuer plus rapidement la transpiration. Le toucher pr\u00e9f\u00e9r\u00e9 par les joueurs du Tour.<\/p>\n","protected":false},"featured_media":5712,"comment_status":"open","ping_status":"closed","template":"","meta":[],"product_cat":[120],"product_tag":[],"_links":{"self":[{"href":"https:\/\/www.sport4club.be\/index.php\/wp-json\/wp\/v2\/product\/5711"}],"collection":[{"href":"https:\/\/www.sport4club.be\/index.php\/wp-json\/wp\/v2\/product"}],"about":[{"href":"https:\/\/www.sport4club.be\/index.php\/wp-json\/wp\/v2\/types\/product"}],"replies":[{"embeddable":true,"href":"https:\/\/www.sport4club.be\/index.php\/wp-json\/wp\/v2\/comments?post=5711"}],"wp:featuredmedia":[{"embeddable":true,"href":"https:\/\/www.sport4club.be\/index.php\/wp-json\/wp\/v2\/media\/5712"}],"wp:attachment":[{"href":"https:\/\/www.sport4club.be\/index.php\/wp-json\/wp\/v2\/media?parent=5711"}],"wp:term":[{"taxonomy":"product_cat","embeddable":true,"href":"https:\/\/www.sport4club.be\/index.php\/wp-json\/wp\/v2\/product_cat?post=5711"},{"taxonomy":"product_tag","embeddable":true,"href":"https:\/\/www.sport4club.be\/index.php\/wp-json\/wp\/v2\/product_tag?post=5711"}],"curies":[{"name":"wp","href":"https:\/\/api.w.org\/{rel}","templated":true}]}}