{"id":5681,"date":"2018-11-16T11:38:52","date_gmt":"2018-11-16T10:38:52","guid":{"rendered":"https:\/\/www.sport4club.be\/index.php\/product\/babolat-natural-grip\/"},"modified":"2025-05-21T10:20:25","modified_gmt":"2025-05-21T08:20:25","slug":"babolat-natural-grip","status":"publish","type":"product","link":"https:\/\/www.sport4club.be\/index.php\/product\/babolat-natural-grip\/","title":{"rendered":"Babolat NATURAL GRIP"},"content":{"rendered":"<p>Rien ne vaut la sensation du cuir naturel.<br \/>\nNous vous proposons ce grip extr\u00eamement fin en cuir naturel, qui vous permettra de ressentir pr\u00e9cis\u00e9ment toutes les ar\u00eates du manche de votre raquette.<\/p>\n","protected":false},"excerpt":{"rendered":"<p>Rien ne vaut la sensation du cuir naturel. Nous vous proposons ce grip extr\u00eamement fin en cuir naturel, qui vous permettra de ressentir pr\u00e9cis\u00e9ment toutes les ar\u00eates du manche de votre raquette.<\/p>\n","protected":false},"featured_media":114943,"comment_status":"open","ping_status":"closed","template":"","meta":[],"product_cat":[120],"product_tag":[],"_links":{"self":[{"href":"https:\/\/www.sport4club.be\/index.php\/wp-json\/wp\/v2\/product\/5681"}],"collection":[{"href":"https:\/\/www.sport4club.be\/index.php\/wp-json\/wp\/v2\/product"}],"about":[{"href":"https:\/\/www.sport4club.be\/index.php\/wp-json\/wp\/v2\/types\/product"}],"replies":[{"embeddable":true,"href":"https:\/\/www.sport4club.be\/index.php\/wp-json\/wp\/v2\/comments?post=5681"}],"wp:featuredmedia":[{"embeddable":true,"href":"https:\/\/www.sport4club.be\/index.php\/wp-json\/wp\/v2\/media\/114943"}],"wp:attachment":[{"href":"https:\/\/www.sport4club.be\/index.php\/wp-json\/wp\/v2\/media?parent=5681"}],"wp:term":[{"taxonomy":"product_cat","embeddable":true,"href":"https:\/\/www.sport4club.be\/index.php\/wp-json\/wp\/v2\/product_cat?post=5681"},{"taxonomy":"product_tag","embeddable":true,"href":"https:\/\/www.sport4club.be\/index.php\/wp-json\/wp\/v2\/product_tag?post=5681"}],"curies":[{"name":"wp","href":"https:\/\/api.w.org\/{rel}","templated":true}]}}