{"id":5679,"date":"2018-11-16T11:38:52","date_gmt":"2018-11-16T10:38:52","guid":{"rendered":"https:\/\/www.sport4club.be\/index.php\/product\/babolat-syntec-pro-black-yellow\/"},"modified":"2025-05-21T11:02:48","modified_gmt":"2025-05-21T09:02:48","slug":"babolat-syntec-pro-black-yellow","status":"publish","type":"product","link":"https:\/\/www.sport4club.be\/index.php\/product\/babolat-syntec-pro-black-yellow\/","title":{"rendered":"Babolat Grip SYNTEC PRO"},"content":{"rendered":"<p>Le Syntec Pro est le grip privil\u00e9gi\u00e9 sur les circuits professionnels par la plupart de nos joueurs, qui lui font confiance depuis des ann\u00e9es. C\u2019est pour eux que nous avons mis au point ce grip absorbant, qui offre un contact direct avec les ar\u00eates du manche de la raquette, pour un contr\u00f4le accru. D\u00e9sormais, vous pouvez vous aussi en profiter.<\/p>\n<div class=\"cb-section_column slds-size_12-of-12 slds-max-medium-size_12-of-12 slds-large-size_4-of-12\" data-aura-rendered-by=\"4003:0\">\n<div data-region-name=\"1\" data-item-id=\"cce49934-eb60-42c4-8a04-c49ca2679e4a\" data-aura-rendered-by=\"3977:0\">\n<div class=\"ui-widget\" data-priority=\"\" data-item-id=\"e5c769a9-cfb6-44a3-926b-8b5e4c61899a\" data-aura-rendered-by=\"3974:0\">\n<div>\n<div class=\"slds-accordion__list-item\">\n<section class=\"slds-accordion__section slds-is-open\">\n<div id=\"lgt-accordion-section-4402\" class=\"slds-accordion__content\" aria-hidden=\"false\">\n<table class=\"slds-table slds-table_header-hidden\" role=\"presentation\">\n<tbody>\n<tr class=\"slds-hint-parent slds-border_bottom\">\n<td class=\"slds-cell-wrap\">Sport<\/td>\n<td class=\"slds-cell-wrap\">All Sports<\/td>\n<\/tr>\n<tr class=\"slds-hint-parent slds-border_bottom\">\n<td class=\"slds-cell-wrap\">Type<\/td>\n<td class=\"slds-cell-wrap\">Feel<\/td>\n<\/tr>\n<tr class=\"slds-hint-parent slds-border_bottom\">\n<td class=\"slds-cell-wrap\">Niveau d&#8217;absorption<\/td>\n<td class=\"slds-cell-wrap\">4\/5<\/td>\n<\/tr>\n<tr class=\"slds-hint-parent slds-border_bottom\">\n<td class=\"slds-cell-wrap\">Epaisseur<\/td>\n<td class=\"slds-cell-wrap\">1.9mm<\/td>\n<\/tr>\n<\/tbody>\n<\/table>\n<\/div>\n<\/section>\n<\/div>\n<\/div>\n<\/div>\n<\/div>\n<\/div>\n<div class=\"cb-section_column slds-size_12-of-12 slds-max-medium-size_12-of-12 slds-large-size_4-of-12\" data-aura-rendered-by=\"4005:0\">\n<div data-region-name=\"50126\" data-item-id=\"cf609b4b-5f7e-46a8-82db-24bdc415eb82\" data-aura-rendered-by=\"3991:0\">\n<div class=\"ui-widget\" data-priority=\"\" data-item-id=\"ab12ef9f-c229-4b9c-9124-4403207cbc79\" data-aura-rendered-by=\"3988:0\">\n<div>\n<div class=\"slds-accordion__list-item\">\n<section class=\"slds-accordion__section slds-is-open\">\n<div class=\"slds-accordion__summary\">\n<h2 class=\"slds-accordion__summary-heading\"><\/h2>\n<\/div>\n<div id=\"lgt-accordion-section-4419\" class=\"slds-accordion__content\" aria-hidden=\"false\">\n<table class=\"slds-table slds-table_header-hidden\" role=\"presentation\">\n<tbody>\n<tr class=\"slds-hint-parent slds-border_bottom\">\n<td class=\"slds-cell-wrap\">Longueur<\/td>\n<td class=\"slds-cell-wrap\">110.0cm<\/td>\n<\/tr>\n<tr class=\"slds-hint-parent slds-border_bottom\">\n<td class=\"slds-cell-wrap\">Composition<\/td>\n<td class=\"slds-cell-wrap\">Unwoven, 40% PA and 60% PETPolyurethane<\/td>\n<\/tr>\n<tr class=\"slds-hint-parent slds-border_bottom\">\n<td class=\"slds-cell-wrap\">Fabriqu\u00e9 en<\/td>\n<td class=\"slds-cell-wrap\">China<\/td>\n<\/tr>\n<\/tbody>\n<\/table>\n<\/div>\n<\/section>\n<\/div>\n<\/div>\n<\/div>\n<\/div>\n<\/div>\n","protected":false},"excerpt":{"rendered":"<p>Le Syntec Pro est le grip privil\u00e9gi\u00e9 sur les circuits professionnels par la plupart de nos joueurs, qui lui font confiance depuis des ann\u00e9es. C\u2019est pour eux que nous avons mis au point ce grip absorbant, qui offre un contact direct avec les ar\u00eates du manche de la raquette, pour un contr\u00f4le accru. D\u00e9sormais, vous [&hellip;]<\/p>\n","protected":false},"featured_media":114953,"comment_status":"open","ping_status":"closed","template":"","meta":[],"product_cat":[120],"product_tag":[],"_links":{"self":[{"href":"https:\/\/www.sport4club.be\/index.php\/wp-json\/wp\/v2\/product\/5679"}],"collection":[{"href":"https:\/\/www.sport4club.be\/index.php\/wp-json\/wp\/v2\/product"}],"about":[{"href":"https:\/\/www.sport4club.be\/index.php\/wp-json\/wp\/v2\/types\/product"}],"replies":[{"embeddable":true,"href":"https:\/\/www.sport4club.be\/index.php\/wp-json\/wp\/v2\/comments?post=5679"}],"wp:featuredmedia":[{"embeddable":true,"href":"https:\/\/www.sport4club.be\/index.php\/wp-json\/wp\/v2\/media\/114953"}],"wp:attachment":[{"href":"https:\/\/www.sport4club.be\/index.php\/wp-json\/wp\/v2\/media?parent=5679"}],"wp:term":[{"taxonomy":"product_cat","embeddable":true,"href":"https:\/\/www.sport4club.be\/index.php\/wp-json\/wp\/v2\/product_cat?post=5679"},{"taxonomy":"product_tag","embeddable":true,"href":"https:\/\/www.sport4club.be\/index.php\/wp-json\/wp\/v2\/product_tag?post=5679"}],"curies":[{"name":"wp","href":"https:\/\/api.w.org\/{rel}","templated":true}]}}