{"id":5675,"date":"2018-11-16T11:38:49","date_gmt":"2018-11-16T10:38:49","guid":{"rendered":"https:\/\/www.sport4club.be\/index.php\/product\/babolat-uptake\/"},"modified":"2025-05-21T11:10:09","modified_gmt":"2025-05-21T09:10:09","slug":"babolat-uptake","status":"publish","type":"product","link":"https:\/\/www.sport4club.be\/index.php\/product\/babolat-uptake\/","title":{"rendered":"Babolat Grip Syntec UPTAKE"},"content":{"rendered":"<p>C\u2019est sans aucun doute le mod\u00e8le qu\u2019il vous faut si vous cherchez un grip alliant absorption et durabilit\u00e9, \u00e0 un prix tr\u00e8s abordable.<\/p>\n","protected":false},"excerpt":{"rendered":"<p>C\u2019est sans aucun doute le mod\u00e8le qu\u2019il vous faut si vous cherchez un grip alliant absorption et durabilit\u00e9, \u00e0 un prix tr\u00e8s abordable.<\/p>\n","protected":false},"featured_media":114958,"comment_status":"open","ping_status":"closed","template":"","meta":[],"product_cat":[120],"product_tag":[],"_links":{"self":[{"href":"https:\/\/www.sport4club.be\/index.php\/wp-json\/wp\/v2\/product\/5675"}],"collection":[{"href":"https:\/\/www.sport4club.be\/index.php\/wp-json\/wp\/v2\/product"}],"about":[{"href":"https:\/\/www.sport4club.be\/index.php\/wp-json\/wp\/v2\/types\/product"}],"replies":[{"embeddable":true,"href":"https:\/\/www.sport4club.be\/index.php\/wp-json\/wp\/v2\/comments?post=5675"}],"wp:featuredmedia":[{"embeddable":true,"href":"https:\/\/www.sport4club.be\/index.php\/wp-json\/wp\/v2\/media\/114958"}],"wp:attachment":[{"href":"https:\/\/www.sport4club.be\/index.php\/wp-json\/wp\/v2\/media?parent=5675"}],"wp:term":[{"taxonomy":"product_cat","embeddable":true,"href":"https:\/\/www.sport4club.be\/index.php\/wp-json\/wp\/v2\/product_cat?post=5675"},{"taxonomy":"product_tag","embeddable":true,"href":"https:\/\/www.sport4club.be\/index.php\/wp-json\/wp\/v2\/product_tag?post=5675"}],"curies":[{"name":"wp","href":"https:\/\/api.w.org\/{rel}","templated":true}]}}