{"id":5637,"date":"2018-11-16T11:38:44","date_gmt":"2018-11-16T10:38:44","guid":{"rendered":"https:\/\/www.sport4club.be\/index.php\/product\/wilson-shock-shield-dampener\/"},"modified":"2024-08-14T11:12:23","modified_gmt":"2024-08-14T09:12:23","slug":"wilson-shock-shield-dampener","status":"publish","type":"product","link":"https:\/\/www.sport4club.be\/index.php\/product\/wilson-shock-shield-dampener\/","title":{"rendered":"Wilson Antivibrateur SHOCK SHIELD"},"content":{"rendered":"<p>Gr\u00e2ce \u00e0 sa longueur, l&#8217;antivibrateur s&#8217;enroule autour des cordes principales afin de r\u00e9duire la d\u00e9formation des cordes. De plus, il est compos\u00e9\u00a0gel Iso-Zorb\u00a0qui procure une meilleure r\u00e9duction des vibrations.<\/p>\n<p>Cet antivibrateur Wilson absorbe\u00a0jusqu&#8217;\u00e0 2 fois plus\u00a0de vibrations que les mod\u00e8les classiques.<\/p>\n","protected":false},"excerpt":{"rendered":"<p>Gr\u00e2ce \u00e0 sa longueur, l&#8217;antivibrateur s&#8217;enroule autour des cordes principales afin de r\u00e9duire la d\u00e9formation des cordes. De plus, il est compos\u00e9\u00a0gel Iso-Zorb\u00a0qui procure une meilleure r\u00e9duction des vibrations. Cet antivibrateur Wilson absorbe\u00a0jusqu&#8217;\u00e0 2 fois plus\u00a0de vibrations que les mod\u00e8les classiques.<\/p>\n","protected":false},"featured_media":5638,"comment_status":"open","ping_status":"closed","template":"","meta":[],"product_cat":[119],"product_tag":[],"_links":{"self":[{"href":"https:\/\/www.sport4club.be\/index.php\/wp-json\/wp\/v2\/product\/5637"}],"collection":[{"href":"https:\/\/www.sport4club.be\/index.php\/wp-json\/wp\/v2\/product"}],"about":[{"href":"https:\/\/www.sport4club.be\/index.php\/wp-json\/wp\/v2\/types\/product"}],"replies":[{"embeddable":true,"href":"https:\/\/www.sport4club.be\/index.php\/wp-json\/wp\/v2\/comments?post=5637"}],"wp:featuredmedia":[{"embeddable":true,"href":"https:\/\/www.sport4club.be\/index.php\/wp-json\/wp\/v2\/media\/5638"}],"wp:attachment":[{"href":"https:\/\/www.sport4club.be\/index.php\/wp-json\/wp\/v2\/media?parent=5637"}],"wp:term":[{"taxonomy":"product_cat","embeddable":true,"href":"https:\/\/www.sport4club.be\/index.php\/wp-json\/wp\/v2\/product_cat?post=5637"},{"taxonomy":"product_tag","embeddable":true,"href":"https:\/\/www.sport4club.be\/index.php\/wp-json\/wp\/v2\/product_tag?post=5637"}],"curies":[{"name":"wp","href":"https:\/\/api.w.org\/{rel}","templated":true}]}}