{"id":5365,"date":"2018-11-16T11:37:45","date_gmt":"2018-11-16T10:37:45","guid":{"rendered":"https:\/\/www.sport4club.be\/index.php\/product\/merco-drag-mat-metal-handle\/"},"modified":"2026-02-27T07:38:43","modified_gmt":"2026-02-27T06:38:43","slug":"merco-drag-mat-metal-handle","status":"publish","type":"product","link":"https:\/\/www.sport4club.be\/index.php\/product\/merco-drag-mat-metal-handle\/","title":{"rendered":"Merco DRAG MAT with METAL HANDLE"},"content":{"rendered":"<p style=\"text-align: left;\"><strong>Le tapis de dragage Merco avec poign\u00e9e en m\u00e9tal<\/strong>\u00a0est con\u00e7u pour l&#8217;entretien des terrains en terre battue (tennis\/volley) apr\u00e8s chaque partie.<\/p>\n<p style=\"text-align: left;\">Le tapis de tra\u00een\u00e9e est fait d&#8217;un filet en polyester durable, qui est mont\u00e9 entre deux barres en bois.<\/p>\n<p style=\"text-align: left;\">Ce mod\u00e8le dispose \u00e9galement d&#8217;un manche en aluminium d&#8217;une longueur de 134 cm et d&#8217;une prise ergonomique, ce qui permet une bonne manipulation.<\/p>\n<p style=\"text-align: left;\">Le tapis de tra\u00een\u00e9e Merco a des dimensions de 180 cm (largeur) x 150 cm (longueur), un poids de 7,3 kg et il devrait certainement faire partie de votre \u00e9quipement de base.<\/p>\n","protected":false},"excerpt":{"rendered":"<p>Le tapis de dragage Merco avec poign\u00e9e en m\u00e9tal\u00a0est con\u00e7u pour l&#8217;entretien des terrains en terre battue (tennis\/volley) apr\u00e8s chaque partie. Le tapis de tra\u00een\u00e9e est fait d&#8217;un filet en polyester durable, qui est mont\u00e9 entre deux barres en bois. Ce mod\u00e8le dispose \u00e9galement d&#8217;un manche en aluminium d&#8217;une longueur de 134 cm et d&#8217;une [&hellip;]<\/p>\n","protected":false},"featured_media":11946,"comment_status":"open","ping_status":"closed","template":"","meta":[],"product_cat":[79],"product_tag":[],"_links":{"self":[{"href":"https:\/\/www.sport4club.be\/index.php\/wp-json\/wp\/v2\/product\/5365"}],"collection":[{"href":"https:\/\/www.sport4club.be\/index.php\/wp-json\/wp\/v2\/product"}],"about":[{"href":"https:\/\/www.sport4club.be\/index.php\/wp-json\/wp\/v2\/types\/product"}],"replies":[{"embeddable":true,"href":"https:\/\/www.sport4club.be\/index.php\/wp-json\/wp\/v2\/comments?post=5365"}],"wp:featuredmedia":[{"embeddable":true,"href":"https:\/\/www.sport4club.be\/index.php\/wp-json\/wp\/v2\/media\/11946"}],"wp:attachment":[{"href":"https:\/\/www.sport4club.be\/index.php\/wp-json\/wp\/v2\/media?parent=5365"}],"wp:term":[{"taxonomy":"product_cat","embeddable":true,"href":"https:\/\/www.sport4club.be\/index.php\/wp-json\/wp\/v2\/product_cat?post=5365"},{"taxonomy":"product_tag","embeddable":true,"href":"https:\/\/www.sport4club.be\/index.php\/wp-json\/wp\/v2\/product_tag?post=5365"}],"curies":[{"name":"wp","href":"https:\/\/api.w.org\/{rel}","templated":true}]}}