{"id":5361,"date":"2018-11-16T11:37:44","date_gmt":"2018-11-16T10:37:44","guid":{"rendered":"https:\/\/www.sport4club.be\/index.php\/product\/merco-roset-plan-drag-mat-with-handle-200x120\/"},"modified":"2024-06-19T12:11:02","modified_gmt":"2024-06-19T10:11:02","slug":"merco-roset-plan-drag-mat-with-handle-200x120","status":"publish","type":"product","link":"https:\/\/www.sport4club.be\/index.php\/product\/merco-roset-plan-drag-mat-with-handle-200x120\/","title":{"rendered":"Merco ROSET-PLAN DRAG MAT WITH HANDLE 200&#215;120"},"content":{"rendered":"<p>Merco Roset-Plan est un\u00a0<strong>tapis de dragage<\/strong><strong>\u00a0<\/strong>\u00a0unique pour l&#8217;entretien parfait des courts en terre battue.<\/p>\n<p>Ce tapis de tra\u00een\u00e9e est compos\u00e9 d&#8217;une bande d&#8217;aluminium avec un profil sp\u00e9cial et d&#8217;un tapis combin\u00e9 (partie avant en plastique et partie arri\u00e8re en textile).<\/p>\n<p>Ce mod\u00e8le a une poign\u00e9e en aluminium, donc l&#8217;entretien est tr\u00e8s simple et confortable.<\/p>\n<p>Ce mod\u00e8le est l&#8217;un des plus populaires parmi les utilisateurs de courts Classic Clay.<\/p>\n","protected":false},"excerpt":{"rendered":"<p>Merco Roset-Plan est un\u00a0tapis de dragage\u00a0\u00a0unique pour l&#8217;entretien parfait des courts en terre battue. Ce tapis de tra\u00een\u00e9e est compos\u00e9 d&#8217;une bande d&#8217;aluminium avec un profil sp\u00e9cial et d&#8217;un tapis combin\u00e9 (partie avant en plastique et partie arri\u00e8re en textile). Ce mod\u00e8le a une poign\u00e9e en aluminium, donc l&#8217;entretien est tr\u00e8s simple et confortable. Ce [&hellip;]<\/p>\n","protected":false},"featured_media":12024,"comment_status":"open","ping_status":"closed","template":"","meta":[],"product_cat":[79],"product_tag":[],"_links":{"self":[{"href":"https:\/\/www.sport4club.be\/index.php\/wp-json\/wp\/v2\/product\/5361"}],"collection":[{"href":"https:\/\/www.sport4club.be\/index.php\/wp-json\/wp\/v2\/product"}],"about":[{"href":"https:\/\/www.sport4club.be\/index.php\/wp-json\/wp\/v2\/types\/product"}],"replies":[{"embeddable":true,"href":"https:\/\/www.sport4club.be\/index.php\/wp-json\/wp\/v2\/comments?post=5361"}],"wp:featuredmedia":[{"embeddable":true,"href":"https:\/\/www.sport4club.be\/index.php\/wp-json\/wp\/v2\/media\/12024"}],"wp:attachment":[{"href":"https:\/\/www.sport4club.be\/index.php\/wp-json\/wp\/v2\/media?parent=5361"}],"wp:term":[{"taxonomy":"product_cat","embeddable":true,"href":"https:\/\/www.sport4club.be\/index.php\/wp-json\/wp\/v2\/product_cat?post=5361"},{"taxonomy":"product_tag","embeddable":true,"href":"https:\/\/www.sport4club.be\/index.php\/wp-json\/wp\/v2\/product_tag?post=5361"}],"curies":[{"name":"wp","href":"https:\/\/api.w.org\/{rel}","templated":true}]}}