{"id":5081,"date":"2018-11-16T11:36:37","date_gmt":"2018-11-16T10:36:37","guid":{"rendered":"https:\/\/www.sport4club.be\/index.php\/product\/solinco-barb-wire-200m\/"},"modified":"2020-10-30T14:02:42","modified_gmt":"2020-10-30T13:02:42","slug":"solinco-barb-wire-200m","status":"publish","type":"product","link":"https:\/\/www.sport4club.be\/index.php\/product\/solinco-barb-wire-200m\/","title":{"rendered":"Solinco Barb Wire 200m"},"content":{"rendered":"<section class=\"section section--gray product__middle\">\n<div class=\"wrapper\">\n<div class=\"tab__container\">\n<div id=\"description\" class=\"tab-content current\">\n<div class=\"description__container\">\n<div class=\"description__text\">\n<div class=\"std\">\n<p><em>Le cordage\u00a0Solinco Barb Wire\u00a0est le\u00a0compromis parfait entre vitesse et contr\u00f4le. Ce monofilament co-polyester poss\u00e8de \u00e9galement une\u00a0texture rugueuse\u00a0pour une parfaite accroche sur la balle et des effets toujours plus marqu\u00e9s. En r\u00e9sum\u00e9, le cordage Solinco Barb Wire est le cordage parfait pour les\u00a0joueurs au jeu vari\u00e9\u00a0et qui maitrisent l\u2019ensemble des coups du tennis.<\/em><\/p>\n<\/div>\n<\/div>\n<\/div>\n<\/div>\n<\/div>\n<\/div>\n<\/section>\n<p>&nbsp;<\/p>\n","protected":false},"excerpt":{"rendered":"<p>Le cordage\u00a0Solinco Barb Wire\u00a0est le\u00a0compromis parfait entre vitesse et contr\u00f4le. Ce monofilament co-polyester poss\u00e8de \u00e9galement une\u00a0texture rugueuse\u00a0pour une parfaite accroche sur la balle et des effets toujours plus marqu\u00e9s. En r\u00e9sum\u00e9, le cordage Solinco Barb Wire est le cordage parfait pour les\u00a0joueurs au jeu vari\u00e9\u00a0et qui maitrisent l\u2019ensemble des coups du tennis. &nbsp;<\/p>\n","protected":false},"featured_media":5082,"comment_status":"open","ping_status":"closed","template":"","meta":[],"product_cat":[108],"product_tag":[],"_links":{"self":[{"href":"https:\/\/www.sport4club.be\/index.php\/wp-json\/wp\/v2\/product\/5081"}],"collection":[{"href":"https:\/\/www.sport4club.be\/index.php\/wp-json\/wp\/v2\/product"}],"about":[{"href":"https:\/\/www.sport4club.be\/index.php\/wp-json\/wp\/v2\/types\/product"}],"replies":[{"embeddable":true,"href":"https:\/\/www.sport4club.be\/index.php\/wp-json\/wp\/v2\/comments?post=5081"}],"wp:featuredmedia":[{"embeddable":true,"href":"https:\/\/www.sport4club.be\/index.php\/wp-json\/wp\/v2\/media\/5082"}],"wp:attachment":[{"href":"https:\/\/www.sport4club.be\/index.php\/wp-json\/wp\/v2\/media?parent=5081"}],"wp:term":[{"taxonomy":"product_cat","embeddable":true,"href":"https:\/\/www.sport4club.be\/index.php\/wp-json\/wp\/v2\/product_cat?post=5081"},{"taxonomy":"product_tag","embeddable":true,"href":"https:\/\/www.sport4club.be\/index.php\/wp-json\/wp\/v2\/product_tag?post=5081"}],"curies":[{"name":"wp","href":"https:\/\/api.w.org\/{rel}","templated":true}]}}