{"id":5034,"date":"2018-11-16T11:36:28","date_gmt":"2018-11-16T10:36:28","guid":{"rendered":"https:\/\/www.sport4club.be\/index.php\/product\/babolat-pro-hurricane-tour-200m\/"},"modified":"2021-12-22T11:09:13","modified_gmt":"2021-12-22T10:09:13","slug":"babolat-pro-hurricane-tour-200m","status":"publish","type":"product","link":"https:\/\/www.sport4club.be\/index.php\/product\/babolat-pro-hurricane-tour-200m\/","title":{"rendered":"Babolat RPM Hurricane 200M"},"content":{"rendered":"<p><em><strong>Construction CO-PET-0.<\/strong><\/em><\/p>\n<p><em>Extr\u00eamement durable, excellente combinaison entre spin et contr\u00f4le gr\u00e2ce \u00e0 la composition en copolyester et \u00e0 la structure octogonale.<\/em><\/p>\n","protected":false},"excerpt":{"rendered":"<p>Construction CO-PET-0. Extr\u00eamement durable, excellente combinaison entre spin et contr\u00f4le gr\u00e2ce \u00e0 la composition en copolyester et \u00e0 la structure octogonale.<\/p>\n","protected":false},"featured_media":93489,"comment_status":"open","ping_status":"closed","template":"","meta":[],"product_cat":[108],"product_tag":[],"_links":{"self":[{"href":"https:\/\/www.sport4club.be\/index.php\/wp-json\/wp\/v2\/product\/5034"}],"collection":[{"href":"https:\/\/www.sport4club.be\/index.php\/wp-json\/wp\/v2\/product"}],"about":[{"href":"https:\/\/www.sport4club.be\/index.php\/wp-json\/wp\/v2\/types\/product"}],"replies":[{"embeddable":true,"href":"https:\/\/www.sport4club.be\/index.php\/wp-json\/wp\/v2\/comments?post=5034"}],"wp:featuredmedia":[{"embeddable":true,"href":"https:\/\/www.sport4club.be\/index.php\/wp-json\/wp\/v2\/media\/93489"}],"wp:attachment":[{"href":"https:\/\/www.sport4club.be\/index.php\/wp-json\/wp\/v2\/media?parent=5034"}],"wp:term":[{"taxonomy":"product_cat","embeddable":true,"href":"https:\/\/www.sport4club.be\/index.php\/wp-json\/wp\/v2\/product_cat?post=5034"},{"taxonomy":"product_tag","embeddable":true,"href":"https:\/\/www.sport4club.be\/index.php\/wp-json\/wp\/v2\/product_tag?post=5034"}],"curies":[{"name":"wp","href":"https:\/\/api.w.org\/{rel}","templated":true}]}}