{"id":5026,"date":"2018-11-16T11:36:27","date_gmt":"2018-11-16T10:36:27","guid":{"rendered":"https:\/\/www.sport4club.be\/index.php\/product\/babolat-rpm-team-200m\/"},"modified":"2022-08-16T08:58:30","modified_gmt":"2022-08-16T06:58:30","slug":"babolat-rpm-team-200m","status":"publish","type":"product","link":"https:\/\/www.sport4club.be\/index.php\/product\/babolat-rpm-team-200m\/","title":{"rendered":"Babolat RPM TEAM 200M"},"content":{"rendered":"<p><em><strong>Construction CO-PET-O.<\/strong><\/em><\/p>\n<p><em>Un copolyester faible densit\u00e9 sp\u00e9cial offre davantage de souplesse tandis que la structure octogonale procure un spin exceptionnel. Id\u00e9al pour les joueurs \u00e0 la recherche d&#8217;une plus grande tol\u00e9rance.<\/em><\/p>\n","protected":false},"excerpt":{"rendered":"<p>Construction CO-PET-O. Un copolyester faible densit\u00e9 sp\u00e9cial offre davantage de souplesse tandis que la structure octogonale procure un spin exceptionnel. Id\u00e9al pour les joueurs \u00e0 la recherche d&#8217;une plus grande tol\u00e9rance.<\/p>\n","protected":false},"featured_media":5027,"comment_status":"open","ping_status":"closed","template":"","meta":[],"product_cat":[108],"product_tag":[],"_links":{"self":[{"href":"https:\/\/www.sport4club.be\/index.php\/wp-json\/wp\/v2\/product\/5026"}],"collection":[{"href":"https:\/\/www.sport4club.be\/index.php\/wp-json\/wp\/v2\/product"}],"about":[{"href":"https:\/\/www.sport4club.be\/index.php\/wp-json\/wp\/v2\/types\/product"}],"replies":[{"embeddable":true,"href":"https:\/\/www.sport4club.be\/index.php\/wp-json\/wp\/v2\/comments?post=5026"}],"wp:featuredmedia":[{"embeddable":true,"href":"https:\/\/www.sport4club.be\/index.php\/wp-json\/wp\/v2\/media\/5027"}],"wp:attachment":[{"href":"https:\/\/www.sport4club.be\/index.php\/wp-json\/wp\/v2\/media?parent=5026"}],"wp:term":[{"taxonomy":"product_cat","embeddable":true,"href":"https:\/\/www.sport4club.be\/index.php\/wp-json\/wp\/v2\/product_cat?post=5026"},{"taxonomy":"product_tag","embeddable":true,"href":"https:\/\/www.sport4club.be\/index.php\/wp-json\/wp\/v2\/product_tag?post=5026"}],"curies":[{"name":"wp","href":"https:\/\/api.w.org\/{rel}","templated":true}]}}