{"id":4908,"date":"2018-11-16T11:36:00","date_gmt":"2018-11-16T10:36:00","guid":{"rendered":"https:\/\/www.sport4club.be\/index.php\/product\/tecnifibre-soft-stage-1-baril-72-balles\/"},"modified":"2022-04-26T08:32:20","modified_gmt":"2022-04-26T06:32:20","slug":"tecnifibre-soft-stage-1-baril-72-balles","status":"publish","type":"product","link":"https:\/\/www.sport4club.be\/index.php\/product\/tecnifibre-soft-stage-1-baril-72-balles\/","title":{"rendered":"Tecnifibre STAGE 1 (BARIL 72 BALLES)"},"content":{"rendered":"<p>Baril de 72 balles jaune interm\u00e9diaires r\u00e9duisant la vitesse, con\u00e7ues pour l&#8217;initiation et le perfectionnement.<\/p>\n","protected":false},"excerpt":{"rendered":"<p>Baril de 72 balles jaune interm\u00e9diaires r\u00e9duisant la vitesse, con\u00e7ues pour l&#8217;initiation et le perfectionnement.<\/p>\n","protected":false},"featured_media":12308,"comment_status":"open","ping_status":"closed","template":"","meta":[],"product_cat":[106],"product_tag":[],"_links":{"self":[{"href":"https:\/\/www.sport4club.be\/index.php\/wp-json\/wp\/v2\/product\/4908"}],"collection":[{"href":"https:\/\/www.sport4club.be\/index.php\/wp-json\/wp\/v2\/product"}],"about":[{"href":"https:\/\/www.sport4club.be\/index.php\/wp-json\/wp\/v2\/types\/product"}],"replies":[{"embeddable":true,"href":"https:\/\/www.sport4club.be\/index.php\/wp-json\/wp\/v2\/comments?post=4908"}],"wp:featuredmedia":[{"embeddable":true,"href":"https:\/\/www.sport4club.be\/index.php\/wp-json\/wp\/v2\/media\/12308"}],"wp:attachment":[{"href":"https:\/\/www.sport4club.be\/index.php\/wp-json\/wp\/v2\/media?parent=4908"}],"wp:term":[{"taxonomy":"product_cat","embeddable":true,"href":"https:\/\/www.sport4club.be\/index.php\/wp-json\/wp\/v2\/product_cat?post=4908"},{"taxonomy":"product_tag","embeddable":true,"href":"https:\/\/www.sport4club.be\/index.php\/wp-json\/wp\/v2\/product_tag?post=4908"}],"curies":[{"name":"wp","href":"https:\/\/api.w.org\/{rel}","templated":true}]}}