{"id":4886,"date":"2018-11-16T11:35:54","date_gmt":"2018-11-16T10:35:54","guid":{"rendered":"https:\/\/www.sport4club.be\/index.php\/product\/head-trainer-sac-72-balles\/"},"modified":"2024-04-15T16:09:20","modified_gmt":"2024-04-15T14:09:20","slug":"head-trainer-sac-72-balles","status":"publish","type":"product","link":"https:\/\/www.sport4club.be\/index.php\/product\/head-trainer-sac-72-balles\/","title":{"rendered":"Head TRAINER (SAC 72 BALLES)"},"content":{"rendered":"<p>Les Head Trainer sont des balles de tennis\u00a0sans pression pour \u00eatre jou\u00e9e longue dur\u00e9e.<\/p>\n<p>Leur coque en\u00a0<strong>caoutchouc \u00e9paisse<\/strong>\u00a0est tr\u00e8s r\u00e9sistante.<\/p>\n","protected":false},"excerpt":{"rendered":"<p>Les Head Trainer sont des balles de tennis\u00a0sans pression pour \u00eatre jou\u00e9e longue dur\u00e9e. Leur coque en\u00a0caoutchouc \u00e9paisse\u00a0est tr\u00e8s r\u00e9sistante.<\/p>\n","protected":false},"featured_media":4887,"comment_status":"open","ping_status":"closed","template":"","meta":[],"product_cat":[106],"product_tag":[],"_links":{"self":[{"href":"https:\/\/www.sport4club.be\/index.php\/wp-json\/wp\/v2\/product\/4886"}],"collection":[{"href":"https:\/\/www.sport4club.be\/index.php\/wp-json\/wp\/v2\/product"}],"about":[{"href":"https:\/\/www.sport4club.be\/index.php\/wp-json\/wp\/v2\/types\/product"}],"replies":[{"embeddable":true,"href":"https:\/\/www.sport4club.be\/index.php\/wp-json\/wp\/v2\/comments?post=4886"}],"wp:featuredmedia":[{"embeddable":true,"href":"https:\/\/www.sport4club.be\/index.php\/wp-json\/wp\/v2\/media\/4887"}],"wp:attachment":[{"href":"https:\/\/www.sport4club.be\/index.php\/wp-json\/wp\/v2\/media?parent=4886"}],"wp:term":[{"taxonomy":"product_cat","embeddable":true,"href":"https:\/\/www.sport4club.be\/index.php\/wp-json\/wp\/v2\/product_cat?post=4886"},{"taxonomy":"product_tag","embeddable":true,"href":"https:\/\/www.sport4club.be\/index.php\/wp-json\/wp\/v2\/product_tag?post=4886"}],"curies":[{"name":"wp","href":"https:\/\/api.w.org\/{rel}","templated":true}]}}