{"id":4879,"date":"2018-11-16T11:35:53","date_gmt":"2018-11-16T10:35:53","guid":{"rendered":"https:\/\/www.sport4club.be\/index.php\/product\/slazenger-championship-tube-4-balles\/"},"modified":"2024-08-22T10:01:45","modified_gmt":"2024-08-22T08:01:45","slug":"slazenger-championship-tube-4-balles","status":"publish","type":"product","link":"https:\/\/www.sport4club.be\/index.php\/product\/slazenger-championship-tube-4-balles\/","title":{"rendered":"Slazenger CHAMPIONSHIP (TUBE 4 BALLES)"},"content":{"rendered":"<p>La balle de tennis Championship est un mod\u00e8le unique de la marque Slazenger.<\/p>\n<p>La balle est imperm\u00e9able et elle offre d&#8217;excellentes performances sur les courts humides.<\/p>\n<p>C&#8217;est un mod\u00e8le pression qui convient \u00e0 toutes les surfaces.<\/p>\n<p>&nbsp;<\/p>\n","protected":false},"excerpt":{"rendered":"<p>La balle de tennis Championship est un mod\u00e8le unique de la marque Slazenger. La balle est imperm\u00e9able et elle offre d&#8217;excellentes performances sur les courts humides. C&#8217;est un mod\u00e8le pression qui convient \u00e0 toutes les surfaces. &nbsp;<\/p>\n","protected":false},"featured_media":12299,"comment_status":"closed","ping_status":"closed","template":"","meta":[],"product_cat":[106],"product_tag":[],"_links":{"self":[{"href":"https:\/\/www.sport4club.be\/index.php\/wp-json\/wp\/v2\/product\/4879"}],"collection":[{"href":"https:\/\/www.sport4club.be\/index.php\/wp-json\/wp\/v2\/product"}],"about":[{"href":"https:\/\/www.sport4club.be\/index.php\/wp-json\/wp\/v2\/types\/product"}],"replies":[{"embeddable":true,"href":"https:\/\/www.sport4club.be\/index.php\/wp-json\/wp\/v2\/comments?post=4879"}],"wp:featuredmedia":[{"embeddable":true,"href":"https:\/\/www.sport4club.be\/index.php\/wp-json\/wp\/v2\/media\/12299"}],"wp:attachment":[{"href":"https:\/\/www.sport4club.be\/index.php\/wp-json\/wp\/v2\/media?parent=4879"}],"wp:term":[{"taxonomy":"product_cat","embeddable":true,"href":"https:\/\/www.sport4club.be\/index.php\/wp-json\/wp\/v2\/product_cat?post=4879"},{"taxonomy":"product_tag","embeddable":true,"href":"https:\/\/www.sport4club.be\/index.php\/wp-json\/wp\/v2\/product_tag?post=4879"}],"curies":[{"name":"wp","href":"https:\/\/api.w.org\/{rel}","templated":true}]}}