{"id":4877,"date":"2018-11-16T11:35:53","date_gmt":"2018-11-16T10:35:53","guid":{"rendered":"https:\/\/www.sport4club.be\/index.php\/product\/slazenger-wimbledon-carton-18-tubes\/"},"modified":"2026-02-02T16:12:36","modified_gmt":"2026-02-02T15:12:36","slug":"slazenger-wimbledon-carton-18-tubes","status":"publish","type":"product","link":"https:\/\/www.sport4club.be\/index.php\/product\/slazenger-wimbledon-carton-18-tubes\/","title":{"rendered":"Slazenger WIMBLEDON (CARTON 18 TUBES)"},"content":{"rendered":"<p>La balle de tennis Slazenger Wimbledon est utilis\u00e9e sur le gazon prestigieux du All England Club depuis plus d&#8217;un si\u00e8cle. Con\u00e7ue pour r\u00e9pondre aux exigences du Grand Chelem londonien, cette balle fera merveille sur toutes les surfaces.<\/p>\n<p>Le carton de Slazenger Wimbledon contient 18 tubes de 4 balles.<\/p>\n<ul>\n<li><strong>Ultravis<\/strong>\u00a0: La balle Wimbledon utilise une teinture Ultra Vis exclusive et un processus d&#8217;application brevet\u00e9 pour offrir une visibilit\u00e9 optimale pour les joueurs et les spectateurs.<\/li>\n<li><strong>Tourcore<\/strong>\u00a0: Le Tour Core\u2122 a \u00e9t\u00e9 con\u00e7u pour offrir les caract\u00e9ristiques de performance constantes exig\u00e9es par le tournoi le plus prestigieux du monde pour plus de durabilit\u00e9 et de r\u00e9activit\u00e9.<\/li>\n<li><strong>Hydroguard<\/strong>\u00a0: la technologie brevet\u00e9e Hydroguard\u2122 de Slazenger repousse jusqu&#8217;\u00e0 70 % plus d&#8217;eau qu&#8217;une balle standard. Cette innovation suppl\u00e9mentaire garantit que la balle Slazenger Wimbledon reste la balle de tennis de performance ultime.<\/li>\n<\/ul>\n<p>&nbsp;<\/p>\n","protected":false},"excerpt":{"rendered":"<p>La balle de tennis Slazenger Wimbledon est utilis\u00e9e sur le gazon prestigieux du All England Club depuis plus d&#8217;un si\u00e8cle. Con\u00e7ue pour r\u00e9pondre aux exigences du Grand Chelem londonien, cette balle fera merveille sur toutes les surfaces. Le carton de Slazenger Wimbledon contient 18 tubes de 4 balles. Ultravis\u00a0: La balle Wimbledon utilise une teinture [&hellip;]<\/p>\n","protected":false},"featured_media":114309,"comment_status":"open","ping_status":"closed","template":"","meta":[],"product_cat":[106],"product_tag":[],"_links":{"self":[{"href":"https:\/\/www.sport4club.be\/index.php\/wp-json\/wp\/v2\/product\/4877"}],"collection":[{"href":"https:\/\/www.sport4club.be\/index.php\/wp-json\/wp\/v2\/product"}],"about":[{"href":"https:\/\/www.sport4club.be\/index.php\/wp-json\/wp\/v2\/types\/product"}],"replies":[{"embeddable":true,"href":"https:\/\/www.sport4club.be\/index.php\/wp-json\/wp\/v2\/comments?post=4877"}],"wp:featuredmedia":[{"embeddable":true,"href":"https:\/\/www.sport4club.be\/index.php\/wp-json\/wp\/v2\/media\/114309"}],"wp:attachment":[{"href":"https:\/\/www.sport4club.be\/index.php\/wp-json\/wp\/v2\/media?parent=4877"}],"wp:term":[{"taxonomy":"product_cat","embeddable":true,"href":"https:\/\/www.sport4club.be\/index.php\/wp-json\/wp\/v2\/product_cat?post=4877"},{"taxonomy":"product_tag","embeddable":true,"href":"https:\/\/www.sport4club.be\/index.php\/wp-json\/wp\/v2\/product_tag?post=4877"}],"curies":[{"name":"wp","href":"https:\/\/api.w.org\/{rel}","templated":true}]}}