{"id":4844,"date":"2018-11-16T11:35:46","date_gmt":"2018-11-16T10:35:46","guid":{"rendered":"https:\/\/www.sport4club.be\/index.php\/product\/wilson-starter-red-sac-3-balles\/"},"modified":"2020-09-02T14:28:23","modified_gmt":"2020-09-02T12:28:23","slug":"wilson-starter-red-sac-3-balles","status":"publish","type":"product","link":"https:\/\/www.sport4club.be\/index.php\/product\/wilson-starter-red-sac-3-balles\/","title":{"rendered":"Wilson STARTER RED (SAC 3 BALLES)"},"content":{"rendered":"<p>Balles de mini-tennis \u00e0 faible vitesse, molle et soft pour des rebonds r\u00e9guliers. \u00c9tudi\u00e9es et d\u00e9velopp\u00e9es sp\u00e9cialement par WILSON pour l&#8217;enseignement en milieux scolaires et \u00e9coles de tennis.<\/p>\n","protected":false},"excerpt":{"rendered":"<p>Balles de mini-tennis \u00e0 faible vitesse, molle et soft pour des rebonds r\u00e9guliers. \u00c9tudi\u00e9es et d\u00e9velopp\u00e9es sp\u00e9cialement par WILSON pour l&#8217;enseignement en milieux scolaires et \u00e9coles de tennis.<\/p>\n","protected":false},"featured_media":12318,"comment_status":"open","ping_status":"closed","template":"","meta":[],"product_cat":[106],"product_tag":[],"_links":{"self":[{"href":"https:\/\/www.sport4club.be\/index.php\/wp-json\/wp\/v2\/product\/4844"}],"collection":[{"href":"https:\/\/www.sport4club.be\/index.php\/wp-json\/wp\/v2\/product"}],"about":[{"href":"https:\/\/www.sport4club.be\/index.php\/wp-json\/wp\/v2\/types\/product"}],"replies":[{"embeddable":true,"href":"https:\/\/www.sport4club.be\/index.php\/wp-json\/wp\/v2\/comments?post=4844"}],"wp:featuredmedia":[{"embeddable":true,"href":"https:\/\/www.sport4club.be\/index.php\/wp-json\/wp\/v2\/media\/12318"}],"wp:attachment":[{"href":"https:\/\/www.sport4club.be\/index.php\/wp-json\/wp\/v2\/media?parent=4844"}],"wp:term":[{"taxonomy":"product_cat","embeddable":true,"href":"https:\/\/www.sport4club.be\/index.php\/wp-json\/wp\/v2\/product_cat?post=4844"},{"taxonomy":"product_tag","embeddable":true,"href":"https:\/\/www.sport4club.be\/index.php\/wp-json\/wp\/v2\/product_tag?post=4844"}],"curies":[{"name":"wp","href":"https:\/\/api.w.org\/{rel}","templated":true}]}}