{"id":12512,"date":"2019-03-02T19:12:09","date_gmt":"2019-03-02T18:12:09","guid":{"rendered":"https:\/\/www.sport4club.be\/?post_type=product&#038;p=12512"},"modified":"2024-03-18T13:23:40","modified_gmt":"2024-03-18T12:23:40","slug":"luxilon-elite-dry-overgrip-3-pieces","status":"publish","type":"product","link":"https:\/\/www.sport4club.be\/index.php\/product\/luxilon-elite-dry-overgrip-3-pieces\/","title":{"rendered":"LUXILON Elite Dry Overgrip (3 pi\u00e8ces)"},"content":{"rendered":"<p>Depuis plus de 20 ans d\u00e9j\u00e0, Luxilon joue un r\u00f4le majeur sur le march\u00e9 des cordages de tennis monofilament de haut niveau, tant national qu\u2019international. Avec ses versions \u00ab Original \u00bb et \u00ab Alu Power \u00bb, le \u00ab Big Banger \u00bb est devenu un concept chez de nombreux joueurs professionnels comme chez les amateurs.<\/p>\n<p>Ces derni\u00e8res ann\u00e9es, sont venus s\u2019y ajouter les cordages de la quatri\u00e8me g\u00e9n\u00e9ration \u00ab 4G \u00bb, appr\u00e9ci\u00e9s des tennismen du monde entier.<\/p>\n<p>Luxilon entend non seulement continuer \u00e0 jouer un r\u00f4le de pr\u00e9curseur dans le domaine des cordages, mais il cherche aussi constamment \u00e0 \u00e9tendre sa gamme avec des accessoires de tennis de qualit\u00e9. Luxilon r\u00e9pond ainsi aux pr\u00e9occupations de nombreux joueurs et entra\u00eeneurs de tennis dans le pays et \u00e0 l\u2019\u00e9tranger qui sont constamment \u00e0 la recherche du meilleur mat\u00e9riel (pas seulement des cordages mais aussi des accessoires).<\/p>\n<p>Le LXN Elite Dry Grip est le premier accessoire de tennis de la famille. Avec sa couleur grise, le LXN Elite Dry Grip porte la signature de Luxilon et est une composante ind\u00e9niable de la raquette de tennis. Un tel grip est essentiel pour un tennis sans probl\u00e8me, absorbant les chocs les plus rudes et \u00e9vitant que la raquette vous glisse des doigts.<\/p>\n","protected":false},"excerpt":{"rendered":"<p>Depuis plus de 20 ans d\u00e9j\u00e0, Luxilon joue un r\u00f4le majeur sur le march\u00e9 des cordages de tennis monofilament de haut niveau, tant national qu\u2019international. Avec ses versions \u00ab Original \u00bb et \u00ab Alu Power \u00bb, le \u00ab Big Banger \u00bb est devenu un concept chez de nombreux joueurs professionnels comme chez les amateurs. Ces [&hellip;]<\/p>\n","protected":false},"featured_media":12513,"comment_status":"open","ping_status":"closed","template":"","meta":[],"product_cat":[120],"product_tag":[],"_links":{"self":[{"href":"https:\/\/www.sport4club.be\/index.php\/wp-json\/wp\/v2\/product\/12512"}],"collection":[{"href":"https:\/\/www.sport4club.be\/index.php\/wp-json\/wp\/v2\/product"}],"about":[{"href":"https:\/\/www.sport4club.be\/index.php\/wp-json\/wp\/v2\/types\/product"}],"replies":[{"embeddable":true,"href":"https:\/\/www.sport4club.be\/index.php\/wp-json\/wp\/v2\/comments?post=12512"}],"wp:featuredmedia":[{"embeddable":true,"href":"https:\/\/www.sport4club.be\/index.php\/wp-json\/wp\/v2\/media\/12513"}],"wp:attachment":[{"href":"https:\/\/www.sport4club.be\/index.php\/wp-json\/wp\/v2\/media?parent=12512"}],"wp:term":[{"taxonomy":"product_cat","embeddable":true,"href":"https:\/\/www.sport4club.be\/index.php\/wp-json\/wp\/v2\/product_cat?post=12512"},{"taxonomy":"product_tag","embeddable":true,"href":"https:\/\/www.sport4club.be\/index.php\/wp-json\/wp\/v2\/product_tag?post=12512"}],"curies":[{"name":"wp","href":"https:\/\/api.w.org\/{rel}","templated":true}]}}