{"id":11820,"date":"2018-12-18T18:02:47","date_gmt":"2018-12-18T17:02:47","guid":{"rendered":"https:\/\/www.sport4club.be\/?post_type=product&#038;p=11820"},"modified":"2019-03-07T09:59:55","modified_gmt":"2019-03-07T08:59:55","slug":"trophy-actd13m4","status":"publish","type":"product","link":"https:\/\/www.sport4club.be\/index.php\/product\/trophy-actd13m4\/","title":{"rendered":"Trophy ACTD13M4"},"content":{"rendered":"<p>Parfait pour vos tournois de tennis, une occasion de cr\u00e9er l&#8217;\u00e9tiquette de son pi\u00e9destal.<\/p>\n","protected":false},"excerpt":{"rendered":"<p>Parfait pour vos tournois de tennis, une occasion de cr\u00e9er l&#8217;\u00e9tiquette de son pi\u00e9destal.<\/p>\n","protected":false},"featured_media":11821,"comment_status":"open","ping_status":"closed","template":"","meta":[],"product_cat":[516],"product_tag":[],"_links":{"self":[{"href":"https:\/\/www.sport4club.be\/index.php\/wp-json\/wp\/v2\/product\/11820"}],"collection":[{"href":"https:\/\/www.sport4club.be\/index.php\/wp-json\/wp\/v2\/product"}],"about":[{"href":"https:\/\/www.sport4club.be\/index.php\/wp-json\/wp\/v2\/types\/product"}],"replies":[{"embeddable":true,"href":"https:\/\/www.sport4club.be\/index.php\/wp-json\/wp\/v2\/comments?post=11820"}],"wp:featuredmedia":[{"embeddable":true,"href":"https:\/\/www.sport4club.be\/index.php\/wp-json\/wp\/v2\/media\/11821"}],"wp:attachment":[{"href":"https:\/\/www.sport4club.be\/index.php\/wp-json\/wp\/v2\/media?parent=11820"}],"wp:term":[{"taxonomy":"product_cat","embeddable":true,"href":"https:\/\/www.sport4club.be\/index.php\/wp-json\/wp\/v2\/product_cat?post=11820"},{"taxonomy":"product_tag","embeddable":true,"href":"https:\/\/www.sport4club.be\/index.php\/wp-json\/wp\/v2\/product_tag?post=11820"}],"curies":[{"name":"wp","href":"https:\/\/api.w.org\/{rel}","templated":true}]}}