{"id":11807,"date":"2018-12-18T16:59:07","date_gmt":"2018-12-18T15:59:07","guid":{"rendered":"https:\/\/www.sport4club.be\/?post_type=product&#038;p=11807"},"modified":"2019-03-07T09:49:23","modified_gmt":"2019-03-07T08:49:23","slug":"trophy-acl6nm4","status":"publish","type":"product","link":"https:\/\/www.sport4club.be\/index.php\/product\/trophy-acl6nm4\/","title":{"rendered":"Trophy ACL6NM4"},"content":{"rendered":"<p><em>Troph\u00e9e acrylique avec un grand espace pour votre texte s\u00e9lectionn\u00e9, plusieurs dimensions.<\/em><\/p>\n","protected":false},"excerpt":{"rendered":"<p>Troph\u00e9e acrylique avec un grand espace pour votre texte s\u00e9lectionn\u00e9, plusieurs dimensions.<\/p>\n","protected":false},"featured_media":11808,"comment_status":"open","ping_status":"closed","template":"","meta":[],"product_cat":[516],"product_tag":[],"_links":{"self":[{"href":"https:\/\/www.sport4club.be\/index.php\/wp-json\/wp\/v2\/product\/11807"}],"collection":[{"href":"https:\/\/www.sport4club.be\/index.php\/wp-json\/wp\/v2\/product"}],"about":[{"href":"https:\/\/www.sport4club.be\/index.php\/wp-json\/wp\/v2\/types\/product"}],"replies":[{"embeddable":true,"href":"https:\/\/www.sport4club.be\/index.php\/wp-json\/wp\/v2\/comments?post=11807"}],"wp:featuredmedia":[{"embeddable":true,"href":"https:\/\/www.sport4club.be\/index.php\/wp-json\/wp\/v2\/media\/11808"}],"wp:attachment":[{"href":"https:\/\/www.sport4club.be\/index.php\/wp-json\/wp\/v2\/media?parent=11807"}],"wp:term":[{"taxonomy":"product_cat","embeddable":true,"href":"https:\/\/www.sport4club.be\/index.php\/wp-json\/wp\/v2\/product_cat?post=11807"},{"taxonomy":"product_tag","embeddable":true,"href":"https:\/\/www.sport4club.be\/index.php\/wp-json\/wp\/v2\/product_tag?post=11807"}],"curies":[{"name":"wp","href":"https:\/\/api.w.org\/{rel}","templated":true}]}}