{"id":11699,"date":"2018-12-15T12:55:49","date_gmt":"2018-12-15T11:55:49","guid":{"rendered":"https:\/\/www.sport4club.be\/?post_type=product&#038;p=11699"},"modified":"2026-02-26T06:33:37","modified_gmt":"2026-02-26T05:33:37","slug":"baume-oriental-100ml","status":"publish","type":"product","link":"https:\/\/www.sport4club.be\/index.php\/product\/baume-oriental-100ml\/","title":{"rendered":"Baume oriental 100ml"},"content":{"rendered":"<p><em>Petit fr\u00e8re du Baume Tha\u00ef, sa teneur en huiles essentielles \u00e9tant moins dos\u00e9e mais avec les m\u00eames composants, il vous permet de masser de mani\u00e8re plus \u00e9tendue. Aussi performant pour pr\u00e9parer les muscles \u00e0 l\u2019effort que pour le soulager.<\/em><br \/>\n<em>C\u2019est un passe-partout indispensable dans votre trousse de soins.<\/em><\/p>\n","protected":false},"excerpt":{"rendered":"<p>Petit fr\u00e8re du Baume Tha\u00ef, sa teneur en huiles essentielles \u00e9tant moins dos\u00e9e mais avec les m\u00eames composants, il vous permet de masser de mani\u00e8re plus \u00e9tendue. Aussi performant pour pr\u00e9parer les muscles \u00e0 l\u2019effort que pour le soulager. C\u2019est un passe-partout indispensable dans votre trousse de soins.<\/p>\n","protected":false},"featured_media":11701,"comment_status":"open","ping_status":"closed","template":"","meta":[],"product_cat":[506],"product_tag":[],"_links":{"self":[{"href":"https:\/\/www.sport4club.be\/index.php\/wp-json\/wp\/v2\/product\/11699"}],"collection":[{"href":"https:\/\/www.sport4club.be\/index.php\/wp-json\/wp\/v2\/product"}],"about":[{"href":"https:\/\/www.sport4club.be\/index.php\/wp-json\/wp\/v2\/types\/product"}],"replies":[{"embeddable":true,"href":"https:\/\/www.sport4club.be\/index.php\/wp-json\/wp\/v2\/comments?post=11699"}],"wp:featuredmedia":[{"embeddable":true,"href":"https:\/\/www.sport4club.be\/index.php\/wp-json\/wp\/v2\/media\/11701"}],"wp:attachment":[{"href":"https:\/\/www.sport4club.be\/index.php\/wp-json\/wp\/v2\/media?parent=11699"}],"wp:term":[{"taxonomy":"product_cat","embeddable":true,"href":"https:\/\/www.sport4club.be\/index.php\/wp-json\/wp\/v2\/product_cat?post=11699"},{"taxonomy":"product_tag","embeddable":true,"href":"https:\/\/www.sport4club.be\/index.php\/wp-json\/wp\/v2\/product_tag?post=11699"}],"curies":[{"name":"wp","href":"https:\/\/api.w.org\/{rel}","templated":true}]}}