{"id":11688,"date":"2018-12-15T12:40:13","date_gmt":"2018-12-15T11:40:13","guid":{"rendered":"https:\/\/www.sport4club.be\/?post_type=product&#038;p=11688"},"modified":"2026-02-26T06:31:37","modified_gmt":"2026-02-26T05:31:37","slug":"compresse-reutilisable-chaud-froid-10x10cm-6-pieces","status":"publish","type":"product","link":"https:\/\/www.sport4club.be\/index.php\/product\/compresse-reutilisable-chaud-froid-10x10cm-6-pieces\/","title":{"rendered":"compresse r\u00e9utilisable chaud\/froid 10x10cm (6 pi\u00e8ces)"},"content":{"rendered":"<p><em>Boite de 6 compresses r\u00e9utilisables de dimensions 10cm. x 10cm.<\/em><br \/>\n<em>Cette compresse r\u00e9utilisable permet d\u2019exploiter le pouvoir th\u00e9rapeutique du chaud ou du froid de fa\u00e7on simple et pratique. Tissu doux et confortable et coussinet en gel qui \u00e9pouse parfaitement la partie du corps \u00e0 traiter.<\/em><\/p>\n","protected":false},"excerpt":{"rendered":"<p>Boite de 6 compresses r\u00e9utilisables de dimensions 10cm. x 10cm. Cette compresse r\u00e9utilisable permet d\u2019exploiter le pouvoir th\u00e9rapeutique du chaud ou du froid de fa\u00e7on simple et pratique. Tissu doux et confortable et coussinet en gel qui \u00e9pouse parfaitement la partie du corps \u00e0 traiter.<\/p>\n","protected":false},"featured_media":11689,"comment_status":"open","ping_status":"closed","template":"","meta":[],"product_cat":[505],"product_tag":[],"_links":{"self":[{"href":"https:\/\/www.sport4club.be\/index.php\/wp-json\/wp\/v2\/product\/11688"}],"collection":[{"href":"https:\/\/www.sport4club.be\/index.php\/wp-json\/wp\/v2\/product"}],"about":[{"href":"https:\/\/www.sport4club.be\/index.php\/wp-json\/wp\/v2\/types\/product"}],"replies":[{"embeddable":true,"href":"https:\/\/www.sport4club.be\/index.php\/wp-json\/wp\/v2\/comments?post=11688"}],"wp:featuredmedia":[{"embeddable":true,"href":"https:\/\/www.sport4club.be\/index.php\/wp-json\/wp\/v2\/media\/11689"}],"wp:attachment":[{"href":"https:\/\/www.sport4club.be\/index.php\/wp-json\/wp\/v2\/media?parent=11688"}],"wp:term":[{"taxonomy":"product_cat","embeddable":true,"href":"https:\/\/www.sport4club.be\/index.php\/wp-json\/wp\/v2\/product_cat?post=11688"},{"taxonomy":"product_tag","embeddable":true,"href":"https:\/\/www.sport4club.be\/index.php\/wp-json\/wp\/v2\/product_tag?post=11688"}],"curies":[{"name":"wp","href":"https:\/\/api.w.org\/{rel}","templated":true}]}}