{"id":11686,"date":"2018-12-15T12:37:45","date_gmt":"2018-12-15T11:37:45","guid":{"rendered":"https:\/\/www.sport4club.be\/?post_type=product&#038;p=11686"},"modified":"2026-02-26T06:31:12","modified_gmt":"2026-02-26T05:31:12","slug":"compresse-reutilisable-chaud-froid-10x10cm","status":"publish","type":"product","link":"https:\/\/www.sport4club.be\/index.php\/product\/compresse-reutilisable-chaud-froid-10x10cm\/","title":{"rendered":"Compresse r\u00e9utilisable chaud\/froid 10x10cm"},"content":{"rendered":"<p><em>Permet d\u2019exploiter le pouvoir th\u00e9rapeutique du chaud ou du froid de fa\u00e7on simple et pratique. Tissu doux et confortable et coussinet en gel qui \u00e9pouse parfaitement la partie du corps \u00e0 traiter.\u00a0<strong><br \/>\n<\/strong>Dimensions : 10cm. x 10cm.<strong><br \/>\n<\/strong>Disponible \u00e9galement en boite de 6 (r\u00e9f : 066143)<\/em><\/p>\n","protected":false},"excerpt":{"rendered":"<p>Permet d\u2019exploiter le pouvoir th\u00e9rapeutique du chaud ou du froid de fa\u00e7on simple et pratique. Tissu doux et confortable et coussinet en gel qui \u00e9pouse parfaitement la partie du corps \u00e0 traiter.\u00a0 Dimensions : 10cm. x 10cm. Disponible \u00e9galement en boite de 6 (r\u00e9f : 066143)<\/p>\n","protected":false},"featured_media":11687,"comment_status":"open","ping_status":"closed","template":"","meta":[],"product_cat":[505],"product_tag":[],"_links":{"self":[{"href":"https:\/\/www.sport4club.be\/index.php\/wp-json\/wp\/v2\/product\/11686"}],"collection":[{"href":"https:\/\/www.sport4club.be\/index.php\/wp-json\/wp\/v2\/product"}],"about":[{"href":"https:\/\/www.sport4club.be\/index.php\/wp-json\/wp\/v2\/types\/product"}],"replies":[{"embeddable":true,"href":"https:\/\/www.sport4club.be\/index.php\/wp-json\/wp\/v2\/comments?post=11686"}],"wp:featuredmedia":[{"embeddable":true,"href":"https:\/\/www.sport4club.be\/index.php\/wp-json\/wp\/v2\/media\/11687"}],"wp:attachment":[{"href":"https:\/\/www.sport4club.be\/index.php\/wp-json\/wp\/v2\/media?parent=11686"}],"wp:term":[{"taxonomy":"product_cat","embeddable":true,"href":"https:\/\/www.sport4club.be\/index.php\/wp-json\/wp\/v2\/product_cat?post=11686"},{"taxonomy":"product_tag","embeddable":true,"href":"https:\/\/www.sport4club.be\/index.php\/wp-json\/wp\/v2\/product_tag?post=11686"}],"curies":[{"name":"wp","href":"https:\/\/api.w.org\/{rel}","templated":true}]}}