{"id":11673,"date":"2018-12-15T12:22:54","date_gmt":"2018-12-15T11:22:54","guid":{"rendered":"https:\/\/www.sport4club.be\/?post_type=product&#038;p=11673"},"modified":"2026-02-26T06:30:48","modified_gmt":"2026-02-26T05:30:48","slug":"bombe-de-froid-400ml","status":"publish","type":"product","link":"https:\/\/www.sport4club.be\/index.php\/product\/bombe-de-froid-400ml\/","title":{"rendered":"Bombe de froid 400ml"},"content":{"rendered":"<p><em>Action imm\u00e9diate.<\/em><br \/>\n<em>Spray classique avec la qualit\u00e9 Prestoglas<\/em><br \/>\n<em>Con\u00e7u pour att\u00e9nuer la douleur post-traumatique par l&#8217;action du froid.<\/em><br \/>\n<em>R\u00e9duit la sensation de douleur.<\/em><\/p>\n","protected":false},"excerpt":{"rendered":"<p>Action imm\u00e9diate. Spray classique avec la qualit\u00e9 Prestoglas Con\u00e7u pour att\u00e9nuer la douleur post-traumatique par l&#8217;action du froid. R\u00e9duit la sensation de douleur.<\/p>\n","protected":false},"featured_media":11674,"comment_status":"open","ping_status":"closed","template":"","meta":[],"product_cat":[505],"product_tag":[],"_links":{"self":[{"href":"https:\/\/www.sport4club.be\/index.php\/wp-json\/wp\/v2\/product\/11673"}],"collection":[{"href":"https:\/\/www.sport4club.be\/index.php\/wp-json\/wp\/v2\/product"}],"about":[{"href":"https:\/\/www.sport4club.be\/index.php\/wp-json\/wp\/v2\/types\/product"}],"replies":[{"embeddable":true,"href":"https:\/\/www.sport4club.be\/index.php\/wp-json\/wp\/v2\/comments?post=11673"}],"wp:featuredmedia":[{"embeddable":true,"href":"https:\/\/www.sport4club.be\/index.php\/wp-json\/wp\/v2\/media\/11674"}],"wp:attachment":[{"href":"https:\/\/www.sport4club.be\/index.php\/wp-json\/wp\/v2\/media?parent=11673"}],"wp:term":[{"taxonomy":"product_cat","embeddable":true,"href":"https:\/\/www.sport4club.be\/index.php\/wp-json\/wp\/v2\/product_cat?post=11673"},{"taxonomy":"product_tag","embeddable":true,"href":"https:\/\/www.sport4club.be\/index.php\/wp-json\/wp\/v2\/product_tag?post=11673"}],"curies":[{"name":"wp","href":"https:\/\/api.w.org\/{rel}","templated":true}]}}