{"id":115807,"date":"2026-05-16T07:37:57","date_gmt":"2026-05-16T05:37:57","guid":{"rendered":"https:\/\/www.sport4club.be\/?post_type=product&#038;p=115807"},"modified":"2026-05-16T07:37:58","modified_gmt":"2026-05-16T05:37:58","slug":"nox-polo-men-pro-white-ivy-green","status":"publish","type":"product","link":"https:\/\/www.sport4club.be\/index.php\/product\/nox-polo-men-pro-white-ivy-green\/","title":{"rendered":"Nox Polo Men Pro White\/Ivy Green"},"content":{"rendered":"<p>Le polo PRO WHITE\/IVY GREEN avec col et fermeture \u00e9clair, con\u00e7u avec des lignes verticales sur les c\u00f4t\u00e9s qui affinent la silhouette et apportent une touche technique.<\/p>\n<ul>\n<li><strong>Composition<\/strong>: 88% polyamide, 12% \u00e9lasthanne.<\/li>\n<li><strong>Mod\u00e8le homme :<\/strong>\u00a01,86m taille M<\/li>\n<\/ul>\n<h2>T-shirt homme<\/h2>\n<table data-start=\"740\" data-end=\"1587\">\n<thead data-start=\"740\" data-end=\"855\">\n<tr data-start=\"740\" data-end=\"855\">\n<th data-start=\"740\" data-end=\"748\">Taille<\/th>\n<th data-start=\"748\" data-end=\"771\">Longueur (cm)<\/th>\n<th data-start=\"792\" data-end=\"805\">Poitrine (cm)<\/th>\n<th data-start=\"805\" data-end=\"820\">Epaule (cm)<\/th>\n<th data-start=\"820\" data-end=\"842\">Largeur du bas (cm)<\/th>\n<th data-start=\"842\" data-end=\"855\">Emmanchures (cm)<\/th>\n<\/tr>\n<\/thead>\n<tbody data-start=\"978\" data-end=\"1587\">\n<tr data-start=\"978\" data-end=\"1099\">\n<td>S<\/td>\n<td>59.3<\/td>\n<td>102<\/td>\n<td>13<\/td>\n<td>102<\/td>\n<td>24.1<\/td>\n<\/tr>\n<tr data-start=\"1100\" data-end=\"1221\">\n<td>M<\/td>\n<td>61<\/td>\n<td>106<\/td>\n<td>13.5<\/td>\n<td>106<\/td>\n<td>25<\/td>\n<\/tr>\n<tr data-start=\"1222\" data-end=\"1343\">\n<td>L<\/td>\n<td>62.7<\/td>\n<td>110<\/td>\n<td>14<\/td>\n<td>110<\/td>\n<td>25.9<\/td>\n<\/tr>\n<tr data-start=\"1344\" data-end=\"1465\">\n<td>XL<\/td>\n<td>64.4<\/td>\n<td>114<\/td>\n<td>14.5<\/td>\n<td>114<\/td>\n<td>26.8<\/td>\n<\/tr>\n<tr data-start=\"1466\" data-end=\"1587\">\n<td>2XL<\/td>\n<td>66.1<\/td>\n<td>118<\/td>\n<td>15<\/td>\n<td>118<\/td>\n<td>27.7<\/td>\n<\/tr>\n<\/tbody>\n<\/table>\n","protected":false},"excerpt":{"rendered":"<p>Le polo PRO WHITE\/IVY GREEN avec col et fermeture \u00e9clair, con\u00e7u avec des lignes verticales sur les c\u00f4t\u00e9s qui affinent la silhouette et apportent une touche technique. Composition: 88% polyamide, 12% \u00e9lasthanne. Mod\u00e8le homme :\u00a01,86m taille M T-shirt homme Taille Longueur (cm) Poitrine (cm) Epaule (cm) Largeur du bas (cm) Emmanchures (cm) S 59.3 102 [&hellip;]<\/p>\n","protected":false},"featured_media":115808,"comment_status":"open","ping_status":"closed","template":"","meta":[],"product_cat":[85],"product_tag":[],"_links":{"self":[{"href":"https:\/\/www.sport4club.be\/index.php\/wp-json\/wp\/v2\/product\/115807"}],"collection":[{"href":"https:\/\/www.sport4club.be\/index.php\/wp-json\/wp\/v2\/product"}],"about":[{"href":"https:\/\/www.sport4club.be\/index.php\/wp-json\/wp\/v2\/types\/product"}],"replies":[{"embeddable":true,"href":"https:\/\/www.sport4club.be\/index.php\/wp-json\/wp\/v2\/comments?post=115807"}],"wp:featuredmedia":[{"embeddable":true,"href":"https:\/\/www.sport4club.be\/index.php\/wp-json\/wp\/v2\/media\/115808"}],"wp:attachment":[{"href":"https:\/\/www.sport4club.be\/index.php\/wp-json\/wp\/v2\/media?parent=115807"}],"wp:term":[{"taxonomy":"product_cat","embeddable":true,"href":"https:\/\/www.sport4club.be\/index.php\/wp-json\/wp\/v2\/product_cat?post=115807"},{"taxonomy":"product_tag","embeddable":true,"href":"https:\/\/www.sport4club.be\/index.php\/wp-json\/wp\/v2\/product_tag?post=115807"}],"curies":[{"name":"wp","href":"https:\/\/api.w.org\/{rel}","templated":true}]}}