{"id":115692,"date":"2026-03-19T11:50:12","date_gmt":"2026-03-19T10:50:12","guid":{"rendered":"https:\/\/www.sport4club.be\/?post_type=product&#038;p=115692"},"modified":"2026-03-19T11:50:12","modified_gmt":"2026-03-19T10:50:12","slug":"nox-pants-men-team-navy-blue","status":"publish","type":"product","link":"https:\/\/www.sport4club.be\/index.php\/product\/nox-pants-men-team-navy-blue\/","title":{"rendered":"Nox Pants Men Team Navy Blue"},"content":{"rendered":"<p><span dir=\"auto\">Am\u00e9liorez votre style avec ce pantalon bleu marine, con\u00e7u pour celles et ceux qui exigent performance et \u00e9l\u00e9gance. Son tissu respirant, ultra-doux et tr\u00e8s souple offre une libert\u00e9 de mouvement totale et une coupe optimale.\u00a0<\/span><\/p>\n<p><span dir=\"auto\">Sa coupe classique et sa construction l\u00e9g\u00e8re, compos\u00e9e \u00e0 90 % de polyester et \u00e0 10 % d&#8217;\u00e9lasthanne, offrent une combinaison parfaite de confort, de chaleur et de fonctionnalit\u00e9.<\/span><\/p>\n<p><span dir=\"auto\">Un v\u00eatement polyvalent et indispensable dans toute tenue sportive.<\/span><\/p>\n","protected":false},"excerpt":{"rendered":"<p>Am\u00e9liorez votre style avec ce pantalon bleu marine, con\u00e7u pour celles et ceux qui exigent performance et \u00e9l\u00e9gance. Son tissu respirant, ultra-doux et tr\u00e8s souple offre une libert\u00e9 de mouvement totale et une coupe optimale.\u00a0 Sa coupe classique et sa construction l\u00e9g\u00e8re, compos\u00e9e \u00e0 90 % de polyester et \u00e0 10 % d&#8217;\u00e9lasthanne, offrent une [&hellip;]<\/p>\n","protected":false},"featured_media":115693,"comment_status":"open","ping_status":"closed","template":"","meta":[],"product_cat":[85],"product_tag":[],"_links":{"self":[{"href":"https:\/\/www.sport4club.be\/index.php\/wp-json\/wp\/v2\/product\/115692"}],"collection":[{"href":"https:\/\/www.sport4club.be\/index.php\/wp-json\/wp\/v2\/product"}],"about":[{"href":"https:\/\/www.sport4club.be\/index.php\/wp-json\/wp\/v2\/types\/product"}],"replies":[{"embeddable":true,"href":"https:\/\/www.sport4club.be\/index.php\/wp-json\/wp\/v2\/comments?post=115692"}],"wp:featuredmedia":[{"embeddable":true,"href":"https:\/\/www.sport4club.be\/index.php\/wp-json\/wp\/v2\/media\/115693"}],"wp:attachment":[{"href":"https:\/\/www.sport4club.be\/index.php\/wp-json\/wp\/v2\/media?parent=115692"}],"wp:term":[{"taxonomy":"product_cat","embeddable":true,"href":"https:\/\/www.sport4club.be\/index.php\/wp-json\/wp\/v2\/product_cat?post=115692"},{"taxonomy":"product_tag","embeddable":true,"href":"https:\/\/www.sport4club.be\/index.php\/wp-json\/wp\/v2\/product_tag?post=115692"}],"curies":[{"name":"wp","href":"https:\/\/api.w.org\/{rel}","templated":true}]}}