{"id":115655,"date":"2026-03-19T11:22:07","date_gmt":"2026-03-19T10:22:07","guid":{"rendered":"https:\/\/www.sport4club.be\/?post_type=product&#038;p=115655"},"modified":"2026-03-19T11:22:08","modified_gmt":"2026-03-19T10:22:08","slug":"nox-sweat-men-street-moonlight-blue","status":"publish","type":"product","link":"https:\/\/www.sport4club.be\/index.php\/product\/nox-sweat-men-street-moonlight-blue\/","title":{"rendered":"Nox Sweat Men Street Moonlight Blue"},"content":{"rendered":"<p><span dir=\"auto\">Laissez-vous surprendre par l&#8217;\u00e9quilibre parfait entre technicit\u00e9 et esth\u00e9tique de ce sweat-shirt streetwear pour homme, couleur bleu clair de lune.<\/span><\/p>\n<p><span dir=\"auto\">Son tissu respirant, d&#8217;une douceur exceptionnelle et d&#8217;une grande \u00e9lasticit\u00e9, offre une totale libert\u00e9 de mouvement et une adaptation parfaite au corps, pour un confort et une chaleur optimaux.<\/span><\/p>\n<p><span dir=\"auto\">Il int\u00e8gre un syst\u00e8me pratique pour fixer ou ranger les cordons du cou, ajoutant ainsi de la fonctionnalit\u00e9 et une finition plus soign\u00e9e au design.<\/span><\/p>\n<p><span dir=\"auto\">Fabriqu\u00e9 avec des mat\u00e9riaux soigneusement s\u00e9lectionn\u00e9s (84 % polyester et 10 % \u00e9lasthanne), c&#8217;est un v\u00eatement con\u00e7u pour offrir des performances optimales sur et en dehors du terrain.<\/span><\/p>\n","protected":false},"excerpt":{"rendered":"<p>Laissez-vous surprendre par l&#8217;\u00e9quilibre parfait entre technicit\u00e9 et esth\u00e9tique de ce sweat-shirt streetwear pour homme, couleur bleu clair de lune. Son tissu respirant, d&#8217;une douceur exceptionnelle et d&#8217;une grande \u00e9lasticit\u00e9, offre une totale libert\u00e9 de mouvement et une adaptation parfaite au corps, pour un confort et une chaleur optimaux. Il int\u00e8gre un syst\u00e8me pratique pour [&hellip;]<\/p>\n","protected":false},"featured_media":115656,"comment_status":"open","ping_status":"closed","template":"","meta":[],"product_cat":[85],"product_tag":[],"_links":{"self":[{"href":"https:\/\/www.sport4club.be\/index.php\/wp-json\/wp\/v2\/product\/115655"}],"collection":[{"href":"https:\/\/www.sport4club.be\/index.php\/wp-json\/wp\/v2\/product"}],"about":[{"href":"https:\/\/www.sport4club.be\/index.php\/wp-json\/wp\/v2\/types\/product"}],"replies":[{"embeddable":true,"href":"https:\/\/www.sport4club.be\/index.php\/wp-json\/wp\/v2\/comments?post=115655"}],"wp:featuredmedia":[{"embeddable":true,"href":"https:\/\/www.sport4club.be\/index.php\/wp-json\/wp\/v2\/media\/115656"}],"wp:attachment":[{"href":"https:\/\/www.sport4club.be\/index.php\/wp-json\/wp\/v2\/media?parent=115655"}],"wp:term":[{"taxonomy":"product_cat","embeddable":true,"href":"https:\/\/www.sport4club.be\/index.php\/wp-json\/wp\/v2\/product_cat?post=115655"},{"taxonomy":"product_tag","embeddable":true,"href":"https:\/\/www.sport4club.be\/index.php\/wp-json\/wp\/v2\/product_tag?post=115655"}],"curies":[{"name":"wp","href":"https:\/\/api.w.org\/{rel}","templated":true}]}}