{"id":115276,"date":"2025-09-25T12:35:09","date_gmt":"2025-09-25T10:35:09","guid":{"rendered":"https:\/\/www.sport4club.be\/?post_type=product&#038;p=115276"},"modified":"2026-02-16T09:19:11","modified_gmt":"2026-02-16T08:19:11","slug":"nox-at10-genius-18k-alum-26","status":"publish","type":"product","link":"https:\/\/www.sport4club.be\/index.php\/product\/nox-at10-genius-18k-alum-26\/","title":{"rendered":"Nox AT10 Genius 18K Alum 26"},"content":{"rendered":"<p><span dir=\"auto\">La nouvelle\u00a0<\/span><strong><span dir=\"auto\">AT10 Genius 18K Alum,<\/span><\/strong><span dir=\"auto\">\u00a0sortie pour la saison 2026, place la barre plus haut en mati\u00e8re d&#8217;innovation, en faisant \u00e9voluer la raquette avec laquelle Agust\u00edn Tapia a atteint le sommet du padel mondial gr\u00e2ce \u00e0 un nouveau moule. Cette ann\u00e9e, le violon Mozart de Catamarca int\u00e8gre le syst\u00e8me r\u00e9volutionnaire de contrepoids\u00a0<\/span><strong><span dir=\"auto\">Weight Balance<\/span><\/strong><span dir=\"auto\">\u00a0, qui permet d&#8217;ajuster l&#8217;\u00e9quilibre de la raquette \u00e0 votre style de jeu, pour une exp\u00e9rience 100 % personnalisable.<\/span><\/p>\n<p><span dir=\"auto\">Innovation esth\u00e9tique majeure, la raquette int\u00e8gre\u00a0<\/span><strong><span dir=\"auto\">la peinture Chromic Paint<\/span><\/strong><span dir=\"auto\">\u00a0, une peinture r\u00e9active appliqu\u00e9e sur le noyau qui se synchronise avec la couleur du rev\u00eatement, offrant un rendu harmonieux et saisissant sur le court. De plus, la nouvelle surface\u00a0<\/span><strong><span dir=\"auto\">Dual Spin<\/span><\/strong><span dir=\"auto\">\u00a0associe une texture 3D et une finition au sable de silice sur toute la surface de la raquette, optimisant ainsi la g\u00e9n\u00e9ration d&#8217;effets sans compromettre la durabilit\u00e9 des mat\u00e9riaux.<\/span><\/p>\n<p>&nbsp;<\/p>\n<table width=\"100%\">\n<tbody>\n<tr>\n<td><img decoding=\"async\" src=\"https:\/\/cdn.shopify.com\/s\/files\/1\/2232\/3715\/files\/Asset41_4x_eee03378-742f-4c30-ad46-a54f2bfcbb84.png?v=1757684858\" alt=\"\" \/><\/td>\n<td><img decoding=\"async\" src=\"https:\/\/cdn.shopify.com\/s\/files\/1\/2232\/3715\/files\/Asset42_4x_bdcaeef6-406f-4444-9606-948ceb38148e.png?v=1757684858\" alt=\"\" \/><\/td>\n<\/tr>\n<tr>\n<td><img decoding=\"async\" src=\"https:\/\/cdn.shopify.com\/s\/files\/1\/2232\/3715\/files\/Asset52_4x_a734cb8b-1d26-45fe-98b1-ec9713b2207e.png?v=1757684858\" alt=\"\" width=\"197\" height=\"50\" \/><\/td>\n<td><img decoding=\"async\" src=\"https:\/\/cdn.shopify.com\/s\/files\/1\/2232\/3715\/files\/Asset40_4x_0fa6b233-f6d1-4ef7-927b-296e5a8ababf.png?v=1757684858\" alt=\"\" \/><\/td>\n<\/tr>\n<tr>\n<td><img decoding=\"async\" src=\"https:\/\/cdn.shopify.com\/s\/files\/1\/2232\/3715\/files\/Asset49_4x_ba3c5935-3fc2-4ee4-8a6e-9a9ae44c03f0.png?v=1757684858\" alt=\"\" width=\"172\" height=\"43\" \/><\/td>\n<td><img decoding=\"async\" src=\"https:\/\/cdn.shopify.com\/s\/files\/1\/2232\/3715\/files\/Asset35_4x_444e12f9-6a9f-4816-895d-483234434a93.png?v=1757684858\" alt=\"\" width=\"176\" height=\"54\" \/><\/td>\n<\/tr>\n<tr>\n<td><img decoding=\"async\" src=\"https:\/\/cdn.shopify.com\/s\/files\/1\/2232\/3715\/files\/Asset47_4x_9858f1d1-5d39-4ae4-8446-d37fbdc8f9ac.png?v=1757684858\" alt=\"\" width=\"138\" height=\"38\" \/><\/td>\n<td><img decoding=\"async\" src=\"https:\/\/cdn.shopify.com\/s\/files\/1\/2232\/3715\/files\/Asset34_4x_53999d73-282d-4c6c-b0b2-1ba992dc6b6f.png?v=1757684858\" alt=\"\" width=\"158\" height=\"49\" \/><\/td>\n<\/tr>\n<tr>\n<td><img decoding=\"async\" src=\"https:\/\/cdn.shopify.com\/s\/files\/1\/2232\/3715\/files\/Asset54_4x_a040fc26-b329-43c5-9d9c-696c454f8434.png?v=1757684858\" alt=\"\" width=\"147\" height=\"50\" \/><\/td>\n<td><img decoding=\"async\" src=\"https:\/\/cdn.shopify.com\/s\/files\/1\/2232\/3715\/files\/Asset50_4x_d1da514e-ea57-4fea-904c-745952946ac1.png?v=1757684858\" alt=\"\" width=\"115\" height=\"50\" \/><\/td>\n<\/tr>\n<tr>\n<td><img decoding=\"async\" src=\"https:\/\/cdn.shopify.com\/s\/files\/1\/2232\/3715\/files\/Asset39_4x_5b47e447-ddc0-4cf7-b11d-465001266040.png?v=1757684858\" alt=\"\" width=\"153\" height=\"53\" \/><\/td>\n<td><img decoding=\"async\" src=\"https:\/\/cdn.shopify.com\/s\/files\/1\/2232\/3715\/files\/Asset33_4x_2400df91-9e2c-4bde-b0a0-c48f99cd7d3b.png?v=1757684858\" alt=\"\" \/><\/td>\n<\/tr>\n<\/tbody>\n<\/table>\n","protected":false},"excerpt":{"rendered":"<p>La nouvelle\u00a0AT10 Genius 18K Alum,\u00a0sortie pour la saison 2026, place la barre plus haut en mati\u00e8re d&#8217;innovation, en faisant \u00e9voluer la raquette avec laquelle Agust\u00edn Tapia a atteint le sommet du padel mondial gr\u00e2ce \u00e0 un nouveau moule. Cette ann\u00e9e, le violon Mozart de Catamarca int\u00e8gre le syst\u00e8me r\u00e9volutionnaire de contrepoids\u00a0Weight Balance\u00a0, qui permet d&#8217;ajuster [&hellip;]<\/p>\n","protected":false},"featured_media":115277,"comment_status":"open","ping_status":"closed","template":"","meta":[],"product_cat":[84],"product_tag":[],"_links":{"self":[{"href":"https:\/\/www.sport4club.be\/index.php\/wp-json\/wp\/v2\/product\/115276"}],"collection":[{"href":"https:\/\/www.sport4club.be\/index.php\/wp-json\/wp\/v2\/product"}],"about":[{"href":"https:\/\/www.sport4club.be\/index.php\/wp-json\/wp\/v2\/types\/product"}],"replies":[{"embeddable":true,"href":"https:\/\/www.sport4club.be\/index.php\/wp-json\/wp\/v2\/comments?post=115276"}],"wp:featuredmedia":[{"embeddable":true,"href":"https:\/\/www.sport4club.be\/index.php\/wp-json\/wp\/v2\/media\/115277"}],"wp:attachment":[{"href":"https:\/\/www.sport4club.be\/index.php\/wp-json\/wp\/v2\/media?parent=115276"}],"wp:term":[{"taxonomy":"product_cat","embeddable":true,"href":"https:\/\/www.sport4club.be\/index.php\/wp-json\/wp\/v2\/product_cat?post=115276"},{"taxonomy":"product_tag","embeddable":true,"href":"https:\/\/www.sport4club.be\/index.php\/wp-json\/wp\/v2\/product_tag?post=115276"}],"curies":[{"name":"wp","href":"https:\/\/api.w.org\/{rel}","templated":true}]}}