{"id":115270,"date":"2025-09-25T12:13:37","date_gmt":"2025-09-25T10:13:37","guid":{"rendered":"https:\/\/www.sport4club.be\/?post_type=product&#038;p=115270"},"modified":"2026-02-16T11:30:31","modified_gmt":"2026-02-16T10:30:31","slug":"nox-at10-genius-12k-alum-xtrem-26","status":"publish","type":"product","link":"https:\/\/www.sport4club.be\/index.php\/product\/nox-at10-genius-12k-alum-xtrem-26\/","title":{"rendered":"Nox AT10 Genius 12K Alum Xtrem 26"},"content":{"rendered":"<p><span dir=\"auto\">La\u00a0<\/span><strong><span dir=\"auto\">raquette AT10 12K Alum XTREM 2026<\/span><\/strong><span dir=\"auto\">\u00a0a \u00e9t\u00e9 con\u00e7ue en collaboration avec Agust\u00edn Tapia pour les joueurs recherchant une sensation plus solide et un \u00e9quilibre parfait entre puissance et contr\u00f4le.<\/span><\/p>\n<p><span dir=\"auto\">Nous avons modernis\u00e9 le moule et, en mati\u00e8re d&#8217;innovation technologique, nous mettons en avant les atouts majeurs de la nouvelle collection AT10\u00a0: le syst\u00e8me\u00a0<\/span><strong><span dir=\"auto\">Weight Balance<\/span><\/strong><span dir=\"auto\">\u00a0pour un \u00e9quilibre optimal de la raquette, la peinture\u00a0<\/span><strong><span dir=\"auto\">Chromic<\/span><\/strong><span dir=\"auto\">\u00a0Paint r\u00e9active et la surface\u00a0<\/span><strong><span dir=\"auto\">Dual Spin<\/span><\/strong><span dir=\"auto\">\u00a0qui maximise la prise d&#8217;effet. Ce mod\u00e8le int\u00e8gre le nouveau carbone 12K Alum Xtrem, qui offre une rigidit\u00e9 accrue \u00e0 l&#8217;impact, une durabilit\u00e9 sup\u00e9rieure et des performances stables m\u00eame en cas de fortes variations de temp\u00e9rature.<\/span><\/p>\n<p><strong><span dir=\"auto\">CARBON 12K ALUM XTREM\u00a0:<\/span><\/strong><\/p>\n<p><span dir=\"auto\">Ce carbone r\u00e9duit de 50\u00a0% l\u2019ondulation et l\u2019entrelacement des fibres, pour une surface plus fine, plus lisse et plus uniforme. Il offre une rigidit\u00e9 accrue, une finition plus nette et plus durable, et gr\u00e2ce \u00e0 son rev\u00eatement aluminis\u00e9, des performances constantes malgr\u00e9 les variations de temp\u00e9rature.<\/span><\/p>\n<p><strong><span dir=\"auto\">Noyau en EVA noir HR3<\/span><\/strong><br \/>\n<span dir=\"auto\">avec caoutchouc HR3 noir haute densit\u00e9 pour un effet m\u00e9moire sup\u00e9rieur. Il en r\u00e9sulte une puissance accrue \u00e0 la frappe, notamment lors des smashs.<\/span><\/p>\n<p><strong><span dir=\"auto\">\u00c9QUILIBRE DU POIDS<\/span><\/strong><br \/>\n<span dir=\"auto\">Syst\u00e8me de contrepoids interchangeable permettant d&#8217;ajuster le poids et l&#8217;\u00e9quilibre de la raquette selon vos pr\u00e9f\u00e9rences. Il comprend des contrepoids de 2 g et 4 g faciles \u00e0 installer et est compatible avec les prot\u00e8ge-raquettes de marque.<\/span><\/p>\n<p><strong><span dir=\"auto\">CADRE EN CARBONE<\/span><\/strong><br \/>\n<span dir=\"auto\">Cadre en carbone. L&#8217;utilisation de ce mat\u00e9riau conf\u00e8re au cadre et \u00e0 la raquette une rigidit\u00e9 et une durabilit\u00e9 accrues.<\/span><\/p>\n<p><strong><span dir=\"auto\">DOUBLE EFFET :<\/span><\/strong><br \/>\n<span dir=\"auto\">L&#8217;association de deux textures de surface, avec une texture 3D et une finition sabl\u00e9e, \u00e9largit la gamme de coups possibles et permet de r\u00e9aliser tous types d&#8217;effets. Cette double texture combin\u00e9e optimise la g\u00e9n\u00e9ration d&#8217;effets sans compromettre la durabilit\u00e9 de la raquette.<\/span><\/p>\n<p><strong><span dir=\"auto\">EOS TUNNEL\u00a0:<\/span><\/strong><br \/>\n<span dir=\"auto\">Les perforations lat\u00e9rales int\u00e9gr\u00e9es au m\u00e2t am\u00e9liorent l\u2019a\u00e9rodynamisme, la maniabilit\u00e9 et optimisent la r\u00e9partition du poids, pour une raquette plus rapide, plus agile et plus pr\u00e9cise \u00e0 chaque frappe.<\/span><\/p>\n<p><strong><span dir=\"auto\">STRUCTURE COMPOSITE DYNAMIQUE (DCS)\u00a0:<\/span><\/strong><br \/>\n<span dir=\"auto\">En int\u00e9grant davantage de mat\u00e9riau du cadre jusqu\u2019\u00e0 quatre centim\u00e8tres vers le tamis, nous \u00e9liminons la diff\u00e9rence de duret\u00e9 perceptible entre le cadre et le tamis. Ceci r\u00e9duit le risque de rupture des fibres lors de la frappe de la balle avec la partie ext\u00e9rieure de la raquette.<\/span><\/p>\n<p><strong><span dir=\"auto\">PEINTURE PHOTOCHROMIQUE<\/span><\/strong><\/p>\n<p><span dir=\"auto\">Peinture r\u00e9active int\u00e9gr\u00e9e au c\u0153ur de la raquette, se synchronisant avec la couleur du rev\u00eatement pour une esth\u00e9tique harmonieuse et saisissante.<\/span><\/p>\n<p><strong><span dir=\"auto\">MANCHE OVERSIZE<\/span><\/strong><br \/>\n<span dir=\"auto\">Extension de 30 mm pour les joueurs ayant besoin d&#8217;une prise en main plus longue, qu&#8217;ils aient de grandes mains ou pr\u00e9f\u00e8rent simplement un manche plus long.<\/span><\/p>\n<p><strong><span dir=\"auto\">SYST\u00c8ME PULSE<\/span><\/strong><br \/>\n<span dir=\"auto\">R\u00e9duction des vibrations transmises \u00e0 la main du joueur gr\u00e2ce \u00e0 l&#8217;insertion de caoutchoucs lat\u00e9raux s&#8217;\u00e9tendant de la base du cadre jusqu&#8217;au bas du capuchon de la raquette.<\/span><\/p>\n<p><strong><span dir=\"auto\">MANCHE<\/span><\/strong><br \/>\n<span dir=\"auto\">PERSONNALIS\u00c9 Technologie innovante int\u00e9grant le syst\u00e8me brevet\u00e9 NOX Custom Grip\u00ae, certifi\u00e9 par Testea Padel pour une meilleure adh\u00e9rence et des vibrations r\u00e9duites.<\/span><\/p>\n<p><strong><span dir=\"auto\">SMARTSTRAP<\/span><\/strong><br \/>\n<span dir=\"auto\">La nouvelle Smart Strap est la toute derni\u00e8re technologie int\u00e9gr\u00e9e \u00e0 cette collection de raquettes, permettant un changement de cordon de grip simple et rapide.<\/span><\/p>\n","protected":false},"excerpt":{"rendered":"<p>La\u00a0raquette AT10 12K Alum XTREM 2026\u00a0a \u00e9t\u00e9 con\u00e7ue en collaboration avec Agust\u00edn Tapia pour les joueurs recherchant une sensation plus solide et un \u00e9quilibre parfait entre puissance et contr\u00f4le. Nous avons modernis\u00e9 le moule et, en mati\u00e8re d&#8217;innovation technologique, nous mettons en avant les atouts majeurs de la nouvelle collection AT10\u00a0: le syst\u00e8me\u00a0Weight Balance\u00a0pour un [&hellip;]<\/p>\n","protected":false},"featured_media":115271,"comment_status":"open","ping_status":"closed","template":"","meta":[],"product_cat":[84],"product_tag":[],"_links":{"self":[{"href":"https:\/\/www.sport4club.be\/index.php\/wp-json\/wp\/v2\/product\/115270"}],"collection":[{"href":"https:\/\/www.sport4club.be\/index.php\/wp-json\/wp\/v2\/product"}],"about":[{"href":"https:\/\/www.sport4club.be\/index.php\/wp-json\/wp\/v2\/types\/product"}],"replies":[{"embeddable":true,"href":"https:\/\/www.sport4club.be\/index.php\/wp-json\/wp\/v2\/comments?post=115270"}],"wp:featuredmedia":[{"embeddable":true,"href":"https:\/\/www.sport4club.be\/index.php\/wp-json\/wp\/v2\/media\/115271"}],"wp:attachment":[{"href":"https:\/\/www.sport4club.be\/index.php\/wp-json\/wp\/v2\/media?parent=115270"}],"wp:term":[{"taxonomy":"product_cat","embeddable":true,"href":"https:\/\/www.sport4club.be\/index.php\/wp-json\/wp\/v2\/product_cat?post=115270"},{"taxonomy":"product_tag","embeddable":true,"href":"https:\/\/www.sport4club.be\/index.php\/wp-json\/wp\/v2\/product_tag?post=115270"}],"curies":[{"name":"wp","href":"https:\/\/api.w.org\/{rel}","templated":true}]}}