{"id":115173,"date":"2025-08-02T10:28:00","date_gmt":"2025-08-02T08:28:00","guid":{"rendered":"https:\/\/www.sport4club.be\/?post_type=product&#038;p=115173"},"modified":"2025-08-02T10:29:30","modified_gmt":"2025-08-02T08:29:30","slug":"dunlop-atp-tour-x4balles","status":"publish","type":"product","link":"https:\/\/www.sport4club.be\/index.php\/product\/dunlop-atp-tour-x4balles\/","title":{"rendered":"Dunlop ATP Tour (x4balles)"},"content":{"rendered":"<p>La\u00a0balle de tennis Dunlop ATP\u00a0est une option de choix pour les joueurs de tennis exigeants. Fabriqu\u00e9e avec des mat\u00e9riaux de haute qualit\u00e9, cette balle offre une\u00a0performance exceptionnelle sur le terrain, que vous soyez un joueur d\u00e9butant ou un professionnel exp\u00e9riment\u00e9.<\/p>\n<p>L&#8217;une des principales caract\u00e9ristiques de la balle de tennis Dunlop ATP est sa durabilit\u00e9. Gr\u00e2ce \u00e0 sa coque en\u00a0caoutchouc durable\u00a0et \u00e0 sa construction de qualit\u00e9 sup\u00e9rieure, cette balle reste performante. En plus de sa durabilit\u00e9, la\u00a0Dunlop ATP\u00a0offre \u00e9galement une\u00a0excellente r\u00e9gularit\u00e9. Cette balle est con\u00e7ue pour offrir un rebond pr\u00e9visible et uniforme, ce qui en fait le choix id\u00e9al pour les joueurs qui cherchent \u00e0 am\u00e9liorer leur pr\u00e9cision et leur contr\u00f4le.<\/p>\n<p>Enfin, il est important de mentionner que la Dunlop ATP est approuv\u00e9e par la\u00a0F\u00e9d\u00e9ration internationale de tennis (ITF)\u00a0pour une utilisation lors de comp\u00e9titions de haut niveau. Cela signifie que vous pouvez \u00eatre s\u00fbr que cette balle r\u00e9pond aux normes les plus strictes en mati\u00e8re de qualit\u00e9 et de performance.<\/p>\n<p>En conclusion, la\u00a0balle de tennis Dunlop ATP\u00a0est une excellente option pour les joueurs de tennis qui cherchent une performance de qualit\u00e9 sup\u00e9rieure sur le terrain. Avec sa durabilit\u00e9, sa r\u00e9gularit\u00e9 et son approbation par l&#8217;ITF, cette balle est le choix des champions pour un jeu de qualit\u00e9.<\/p>\n<p>Les balles de tennis Dunlop ATP int\u00e8gre deux technologies :<\/p>\n<ul>\n<li>le\u00a0HD Pro Core issu de la balle Dunlop Fort a \u00e9t\u00e9 am\u00e9lior\u00e9 pour offrir encore plus de r\u00e9sistance\u00a0et de\u00a0durabilit\u00e9\u00a0\u00e0 la balle ;<\/li>\n<li>le\u00a0HD Pro Cloth\u00a0permet de renforcer le feutre avec des mat\u00e9riaux de qualit\u00e9 premium afin de garantir une excellente vivacit\u00e9.<\/li>\n<\/ul>\n","protected":false},"excerpt":{"rendered":"<p>La\u00a0balle de tennis Dunlop ATP\u00a0est une option de choix pour les joueurs de tennis exigeants. Fabriqu\u00e9e avec des mat\u00e9riaux de haute qualit\u00e9, cette balle offre une\u00a0performance exceptionnelle sur le terrain, que vous soyez un joueur d\u00e9butant ou un professionnel exp\u00e9riment\u00e9. L&#8217;une des principales caract\u00e9ristiques de la balle de tennis Dunlop ATP est sa durabilit\u00e9. Gr\u00e2ce [&hellip;]<\/p>\n","protected":false},"featured_media":115175,"comment_status":"open","ping_status":"closed","template":"","meta":[],"product_cat":[106],"product_tag":[],"_links":{"self":[{"href":"https:\/\/www.sport4club.be\/index.php\/wp-json\/wp\/v2\/product\/115173"}],"collection":[{"href":"https:\/\/www.sport4club.be\/index.php\/wp-json\/wp\/v2\/product"}],"about":[{"href":"https:\/\/www.sport4club.be\/index.php\/wp-json\/wp\/v2\/types\/product"}],"replies":[{"embeddable":true,"href":"https:\/\/www.sport4club.be\/index.php\/wp-json\/wp\/v2\/comments?post=115173"}],"wp:featuredmedia":[{"embeddable":true,"href":"https:\/\/www.sport4club.be\/index.php\/wp-json\/wp\/v2\/media\/115175"}],"wp:attachment":[{"href":"https:\/\/www.sport4club.be\/index.php\/wp-json\/wp\/v2\/media?parent=115173"}],"wp:term":[{"taxonomy":"product_cat","embeddable":true,"href":"https:\/\/www.sport4club.be\/index.php\/wp-json\/wp\/v2\/product_cat?post=115173"},{"taxonomy":"product_tag","embeddable":true,"href":"https:\/\/www.sport4club.be\/index.php\/wp-json\/wp\/v2\/product_tag?post=115173"}],"curies":[{"name":"wp","href":"https:\/\/api.w.org\/{rel}","templated":true}]}}