{"id":115055,"date":"2025-06-27T09:36:38","date_gmt":"2025-06-27T07:36:38","guid":{"rendered":"https:\/\/www.sport4club.be\/?post_type=product&#038;p=115055"},"modified":"2025-06-27T09:49:23","modified_gmt":"2025-06-27T07:49:23","slug":"nox-mo-fignon-tempo-black-red-sport-sunglasses","status":"publish","type":"product","link":"https:\/\/www.sport4club.be\/index.php\/product\/nox-mo-fignon-tempo-black-red-sport-sunglasses\/","title":{"rendered":"Nox\/Mo Fignon Tempo Black\/Red Sport Sunglasses"},"content":{"rendered":"<p style=\"text-align: center;\" data-start=\"0\" data-end=\"831\" data-is-last-node=\"\" data-is-only-node=\"\"><strong>!! Disponible \u00e0 partir du 10\/07\/25 !!<\/strong><\/p>\n<p data-start=\"0\" data-end=\"831\" data-is-last-node=\"\" data-is-only-node=\"\">Con\u00e7ues en collaboration avec\u00a0<b>Multi\u00f3pticas<\/b>, ces lunettes de soleil unisexes associent le design sportif embl\u00e9matique de\u00a0<b>NOX\u00a0<\/b>\u00e0 l\u2019innovation optique d\u2019une des marques leaders du secteur. Ce mod\u00e8le aux lignes enveloppantes, fabriqu\u00e9 en mat\u00e9riau inject\u00e9 ECO G850 de couleur noire, offre une excellente r\u00e9sistance et l\u00e9g\u00e8ret\u00e9.<\/p>\n<p data-start=\"0\" data-end=\"831\" data-is-last-node=\"\" data-is-only-node=\"\">Ses\u00a0<b>verres polaris\u00e9s<\/b>\u00a0de haute qualit\u00e9, de teinte grise, garantissent une vision claire et sans reflets, id\u00e9ale aussi bien sur le court qu\u2019en dehors. De plus, les branches avec rev\u00eatement en caoutchouc assurent un ajustement confortable et s\u00e9curis\u00e9 \u00e0 tout moment.<\/p>\n<p data-start=\"0\" data-end=\"831\" data-is-last-node=\"\" data-is-only-node=\"\">Ces lunettes prot\u00e8gent non seulement vos yeux des rayons du soleil, mais offrent \u00e9galement une protection suppl\u00e9mentaire contre les\u00a0<b>impacts<\/b>, en faisant l\u2019accessoire\u00a0<b>indispensable<\/b>\u00a0pour ceux qui cherchent \u00e0 prot\u00e9ger leur vue avec style et s\u00e9curit\u00e9.<\/p>\n","protected":false},"excerpt":{"rendered":"<p>!! Disponible \u00e0 partir du 10\/07\/25 !! Con\u00e7ues en collaboration avec\u00a0Multi\u00f3pticas, ces lunettes de soleil unisexes associent le design sportif embl\u00e9matique de\u00a0NOX\u00a0\u00e0 l\u2019innovation optique d\u2019une des marques leaders du secteur. Ce mod\u00e8le aux lignes enveloppantes, fabriqu\u00e9 en mat\u00e9riau inject\u00e9 ECO G850 de couleur noire, offre une excellente r\u00e9sistance et l\u00e9g\u00e8ret\u00e9. Ses\u00a0verres polaris\u00e9s\u00a0de haute qualit\u00e9, de [&hellip;]<\/p>\n","protected":false},"featured_media":115056,"comment_status":"open","ping_status":"closed","template":"","meta":[],"product_cat":[87],"product_tag":[],"_links":{"self":[{"href":"https:\/\/www.sport4club.be\/index.php\/wp-json\/wp\/v2\/product\/115055"}],"collection":[{"href":"https:\/\/www.sport4club.be\/index.php\/wp-json\/wp\/v2\/product"}],"about":[{"href":"https:\/\/www.sport4club.be\/index.php\/wp-json\/wp\/v2\/types\/product"}],"replies":[{"embeddable":true,"href":"https:\/\/www.sport4club.be\/index.php\/wp-json\/wp\/v2\/comments?post=115055"}],"wp:featuredmedia":[{"embeddable":true,"href":"https:\/\/www.sport4club.be\/index.php\/wp-json\/wp\/v2\/media\/115056"}],"wp:attachment":[{"href":"https:\/\/www.sport4club.be\/index.php\/wp-json\/wp\/v2\/media?parent=115055"}],"wp:term":[{"taxonomy":"product_cat","embeddable":true,"href":"https:\/\/www.sport4club.be\/index.php\/wp-json\/wp\/v2\/product_cat?post=115055"},{"taxonomy":"product_tag","embeddable":true,"href":"https:\/\/www.sport4club.be\/index.php\/wp-json\/wp\/v2\/product_tag?post=115055"}],"curies":[{"name":"wp","href":"https:\/\/api.w.org\/{rel}","templated":true}]}}