{"id":114980,"date":"2025-05-21T15:55:47","date_gmt":"2025-05-21T13:55:47","guid":{"rendered":"https:\/\/www.sport4club.be\/?post_type=product&#038;p=114980"},"modified":"2025-05-21T15:55:48","modified_gmt":"2025-05-21T13:55:48","slug":"nox-varadero-2025","status":"publish","type":"product","link":"https:\/\/www.sport4club.be\/index.php\/product\/nox-varadero-2025\/","title":{"rendered":"Nox Varadero 2025"},"content":{"rendered":"<p dir=\"ltr\">Con\u00e7ue pour r\u00e9pondre aux exigences du jeu moderne, cette raquette est construite avec de la fibre de carbone 3K dans ses faces, un noyau Black EVA 15 qui optimise la puissance \u00e0 chaque coup, et un cadre 100% carbone qui garantit une durabilit\u00e9 in\u00e9gal\u00e9e.<\/p>\n<p dir=\"ltr\">Ce mod\u00e8le au profil de 20 mm offre non seulement un \u00e9quilibre parfait entre puissance et contr\u00f4le, mais int\u00e8gre \u00e9galement des am\u00e9liorations con\u00e7ues pour maximiser le confort dans chaque geste. La Varadero 2025 est id\u00e9ale \u00e0 la fois pour ceux qui recherchent la pr\u00e9cision et ceux qui appr\u00e9cient la puissance sans restriction.<\/p>\n","protected":false},"excerpt":{"rendered":"<p>Con\u00e7ue pour r\u00e9pondre aux exigences du jeu moderne, cette raquette est construite avec de la fibre de carbone 3K dans ses faces, un noyau Black EVA 15 qui optimise la puissance \u00e0 chaque coup, et un cadre 100% carbone qui garantit une durabilit\u00e9 in\u00e9gal\u00e9e. Ce mod\u00e8le au profil de 20 mm offre non seulement un [&hellip;]<\/p>\n","protected":false},"featured_media":114981,"comment_status":"open","ping_status":"closed","template":"","meta":[],"product_cat":[770],"product_tag":[],"_links":{"self":[{"href":"https:\/\/www.sport4club.be\/index.php\/wp-json\/wp\/v2\/product\/114980"}],"collection":[{"href":"https:\/\/www.sport4club.be\/index.php\/wp-json\/wp\/v2\/product"}],"about":[{"href":"https:\/\/www.sport4club.be\/index.php\/wp-json\/wp\/v2\/types\/product"}],"replies":[{"embeddable":true,"href":"https:\/\/www.sport4club.be\/index.php\/wp-json\/wp\/v2\/comments?post=114980"}],"wp:featuredmedia":[{"embeddable":true,"href":"https:\/\/www.sport4club.be\/index.php\/wp-json\/wp\/v2\/media\/114981"}],"wp:attachment":[{"href":"https:\/\/www.sport4club.be\/index.php\/wp-json\/wp\/v2\/media?parent=114980"}],"wp:term":[{"taxonomy":"product_cat","embeddable":true,"href":"https:\/\/www.sport4club.be\/index.php\/wp-json\/wp\/v2\/product_cat?post=114980"},{"taxonomy":"product_tag","embeddable":true,"href":"https:\/\/www.sport4club.be\/index.php\/wp-json\/wp\/v2\/product_tag?post=114980"}],"curies":[{"name":"wp","href":"https:\/\/api.w.org\/{rel}","templated":true}]}}