{"id":114917,"date":"2025-05-07T14:03:02","date_gmt":"2025-05-07T12:03:02","guid":{"rendered":"https:\/\/www.sport4club.be\/?post_type=product&#038;p=114917"},"modified":"2025-05-07T14:03:29","modified_gmt":"2025-05-07T12:03:29","slug":"babolat-backpack-pure-drive","status":"publish","type":"product","link":"https:\/\/www.sport4club.be\/index.php\/product\/babolat-backpack-pure-drive\/","title":{"rendered":"Babolat Backpack Pure Drive"},"content":{"rendered":"<p>Dot\u00e9 d&#8217;un design audacieux et sportif, le sac \u00e0 dos Pure Drive offre une grande capacit\u00e9 (XXL) pour transporter en toute s\u00e9curit\u00e9 jusqu&#8217;\u00e0 trois raquettes tout en offrant le plus grand confort.<\/p>\n<p>Fabriqu\u00e9 \u00e0 partir d&#8217;un mat\u00e9riau ext\u00e9rieur recycl\u00e9 durable et d&#8217;un int\u00e9rieur 100 % recycl\u00e9 sans colorant, ce sac \u00e0 dos est parfait pour les joueurs exigeants \u00e0 la recherche d&#8217;un \u00e9quipement qui durera.<\/p>\n","protected":false},"excerpt":{"rendered":"<p>Dot\u00e9 d&#8217;un design audacieux et sportif, le sac \u00e0 dos Pure Drive offre une grande capacit\u00e9 (XXL) pour transporter en toute s\u00e9curit\u00e9 jusqu&#8217;\u00e0 trois raquettes tout en offrant le plus grand confort. Fabriqu\u00e9 \u00e0 partir d&#8217;un mat\u00e9riau ext\u00e9rieur recycl\u00e9 durable et d&#8217;un int\u00e9rieur 100 % recycl\u00e9 sans colorant, ce sac \u00e0 dos est parfait pour [&hellip;]<\/p>\n","protected":false},"featured_media":114918,"comment_status":"open","ping_status":"closed","template":"","meta":[],"product_cat":[107],"product_tag":[],"_links":{"self":[{"href":"https:\/\/www.sport4club.be\/index.php\/wp-json\/wp\/v2\/product\/114917"}],"collection":[{"href":"https:\/\/www.sport4club.be\/index.php\/wp-json\/wp\/v2\/product"}],"about":[{"href":"https:\/\/www.sport4club.be\/index.php\/wp-json\/wp\/v2\/types\/product"}],"replies":[{"embeddable":true,"href":"https:\/\/www.sport4club.be\/index.php\/wp-json\/wp\/v2\/comments?post=114917"}],"wp:featuredmedia":[{"embeddable":true,"href":"https:\/\/www.sport4club.be\/index.php\/wp-json\/wp\/v2\/media\/114918"}],"wp:attachment":[{"href":"https:\/\/www.sport4club.be\/index.php\/wp-json\/wp\/v2\/media?parent=114917"}],"wp:term":[{"taxonomy":"product_cat","embeddable":true,"href":"https:\/\/www.sport4club.be\/index.php\/wp-json\/wp\/v2\/product_cat?post=114917"},{"taxonomy":"product_tag","embeddable":true,"href":"https:\/\/www.sport4club.be\/index.php\/wp-json\/wp\/v2\/product_tag?post=114917"}],"curies":[{"name":"wp","href":"https:\/\/api.w.org\/{rel}","templated":true}]}}