{"id":114776,"date":"2025-03-27T07:58:14","date_gmt":"2025-03-27T06:58:14","guid":{"rendered":"https:\/\/www.sport4club.be\/?post_type=product&#038;p=114776"},"modified":"2025-03-27T07:58:15","modified_gmt":"2025-03-27T06:58:15","slug":"nox-pickleball-pro-padel-bag","status":"publish","type":"product","link":"https:\/\/www.sport4club.be\/index.php\/product\/nox-pickleball-pro-padel-bag\/","title":{"rendered":"Nox Pickleball Pro Padel Bag"},"content":{"rendered":"<p>D\u00e9couvrez le sac de pickleball PRO, fabriqu\u00e9 avec des mat\u00e9riaux de haute qualit\u00e9 pour que vous puissiez emporter tout ce dont vous avez besoin lors de vos matchs et tournois avec style.<\/p>\n<p>Caract\u00e9ristiques<\/p>\n<p>Compartiment principal avec double fermeture \u00e9clair pour un acc\u00e8s facile \u00e0 l&#8217;int\u00e9rieur, pouvant contenir 5 raquettes de pickleball, des v\u00eatements, etc.<br \/>\nCompartiment thermique (technologie NOX ThermoTech) pouvant contenir 2 raquettes de pickleball, des bouteilles, etc.<br \/>\nCompartiment lat\u00e9ral n\u00b01 pour 2 battes de pickleball, bouteilles, balles, etc.<br \/>\nCompartiment lat\u00e9ral n\u00b02 pour les accessoires, le t\u00e9l\u00e9phone portable, le portefeuille, les cl\u00e9s, etc.<br \/>\nCompartiment ventil\u00e9 pour les chaussures. Poche frontale.<br \/>\nFonction sac \u00e0 dos avec possibilit\u00e9 d&#8217;enlever les poign\u00e9es.<\/p>\n<p>Dimensions : 540 x 270 x 300 mm<br \/>\nCapacit\u00e9 : 40 litres<\/p>\n<p>&nbsp;<\/p>\n","protected":false},"excerpt":{"rendered":"<p>D\u00e9couvrez le sac de pickleball PRO, fabriqu\u00e9 avec des mat\u00e9riaux de haute qualit\u00e9 pour que vous puissiez emporter tout ce dont vous avez besoin lors de vos matchs et tournois avec style. Caract\u00e9ristiques Compartiment principal avec double fermeture \u00e9clair pour un acc\u00e8s facile \u00e0 l&#8217;int\u00e9rieur, pouvant contenir 5 raquettes de pickleball, des v\u00eatements, etc. Compartiment [&hellip;]<\/p>\n","protected":false},"featured_media":114777,"comment_status":"open","ping_status":"closed","template":"","meta":[],"product_cat":[935],"product_tag":[],"_links":{"self":[{"href":"https:\/\/www.sport4club.be\/index.php\/wp-json\/wp\/v2\/product\/114776"}],"collection":[{"href":"https:\/\/www.sport4club.be\/index.php\/wp-json\/wp\/v2\/product"}],"about":[{"href":"https:\/\/www.sport4club.be\/index.php\/wp-json\/wp\/v2\/types\/product"}],"replies":[{"embeddable":true,"href":"https:\/\/www.sport4club.be\/index.php\/wp-json\/wp\/v2\/comments?post=114776"}],"wp:featuredmedia":[{"embeddable":true,"href":"https:\/\/www.sport4club.be\/index.php\/wp-json\/wp\/v2\/media\/114777"}],"wp:attachment":[{"href":"https:\/\/www.sport4club.be\/index.php\/wp-json\/wp\/v2\/media?parent=114776"}],"wp:term":[{"taxonomy":"product_cat","embeddable":true,"href":"https:\/\/www.sport4club.be\/index.php\/wp-json\/wp\/v2\/product_cat?post=114776"},{"taxonomy":"product_tag","embeddable":true,"href":"https:\/\/www.sport4club.be\/index.php\/wp-json\/wp\/v2\/product_tag?post=114776"}],"curies":[{"name":"wp","href":"https:\/\/api.w.org\/{rel}","templated":true}]}}