{"id":114678,"date":"2025-02-22T10:57:15","date_gmt":"2025-02-22T09:57:15","guid":{"rendered":"https:\/\/www.sport4club.be\/?post_type=product&#038;p=114678"},"modified":"2025-11-29T09:55:39","modified_gmt":"2025-11-29T08:55:39","slug":"nox-future-control-12k-alum-25","status":"publish","type":"product","link":"https:\/\/www.sport4club.be\/index.php\/product\/nox-future-control-12k-alum-25\/","title":{"rendered":"Nox Future Control 12K Alum 25"},"content":{"rendered":"<h2 data-start=\"157\" data-end=\"224\"><strong data-start=\"160\" data-end=\"222\">Future Control 12K Alum &#8211; Pr\u00e9cision absolue \u00e0 chaque coup<\/strong><\/h2>\n<p data-start=\"294\" data-end=\"793\">Le padel est un sport de pr\u00e9cision, d&#8217;intelligence et de contr\u00f4le. La raquette\u00a0<strong data-start=\"358\" data-end=\"385\">Future Control 12K Alum<\/strong>\u00a0a \u00e9t\u00e9 con\u00e7ue pour les joueurs qui construisent chaque point avec\u00a0<strong data-start=\"457\" data-end=\"483\">patience et strat\u00e9gie<\/strong>, en ma\u00eetrisant le timing et en ex\u00e9cutant les coups avec une pr\u00e9cision chirurgicale. C&#8217;est la raquette de pr\u00e9dilection des talents de la\u00a0<strong data-start=\"599\" data-end=\"627\">Nox Future Academy (NFA)<\/strong>, o\u00f9 s&#8217;entra\u00eenent les futures stars du circuit professionnel. Aujourd&#8217;hui, elle est \u00e9galement accessible \u00e0 tous les joueurs qui recherchent un\u00a0<strong data-start=\"757\" data-end=\"790\">maximum de contr\u00f4le sur le court<\/strong>.<\/p>\n<h3 data-start=\"795\" data-end=\"846\"><strong data-start=\"799\" data-end=\"844\">Conception optimis\u00e9e pour une meilleure maniabilit\u00e9<\/strong><\/h3>\n<ul data-start=\"848\" data-end=\"1144\">\n<li data-start=\"848\" data-end=\"936\"><strong data-start=\"850\" data-end=\"888\">Forme ronde et \u00e9quilibre optimis\u00e9<\/strong>, facilitant une maniabilit\u00e9 exceptionnelle.<\/li>\n<li data-start=\"937\" data-end=\"1040\"><strong data-start=\"939\" data-end=\"990\">Contr\u00f4le total sans sacrifier la solidit\u00e9 de la frappe<\/strong>, ce qui permet de r\u00e9aliser des coups pr\u00e9cis dans toutes les situations.<\/li>\n<li data-start=\"1041\" data-end=\"1144\"><strong data-start=\"1043\" data-end=\"1094\">Construction du cadre en carbone avec noyau EV50<\/strong>, offrant stabilit\u00e9 et fermet\u00e9 dans la frappe.<\/li>\n<\/ul>\n<h3 data-start=\"1146\" data-end=\"1200\"><strong data-start=\"1150\" data-end=\"1198\">Technologie avanc\u00e9e pour la pr\u00e9cision et les effets<\/strong><\/h3>\n<ul data-start=\"1202\" data-end=\"1489\">\n<li data-start=\"1202\" data-end=\"1306\">La<strong data-start=\"1204\" data-end=\"1231\">face en carbone alum 12K<\/strong>\u00a0optimise les sensations et assure une r\u00e9ponse coh\u00e9rente.<\/li>\n<li data-start=\"1307\" data-end=\"1397\"><strong data-start=\"1309\" data-end=\"1351\">Surface rugueuse avec\u00a03D SPIN\u00a0<\/strong>permettant de g\u00e9n\u00e9rer facilement des effets.<\/li>\n<li data-start=\"1398\" data-end=\"1489\"><\/li>\n<\/ul>\n<h3 data-start=\"1491\" data-end=\"1545\"><strong data-start=\"1495\" data-end=\"1543\">Ma\u00eetrisez chaque point avec intelligence et contr\u00f4le<\/strong><\/h3>\n<p data-start=\"1547\" data-end=\"1758\">La\u00a0<strong data-start=\"1550\" data-end=\"1577\">Future Control 12K Alum<\/strong>\u00a0est le choix parfait pour les joueurs \u00e0 la recherche d&#8217;<strong data-start=\"1632\" data-end=\"1755\">une raquette performante, con\u00e7ue pour un contr\u00f4le pr\u00e9cis et une prise de d\u00e9cision strat\u00e9gique \u00e0 chaque match.<\/strong><\/p>\n","protected":false},"excerpt":{"rendered":"<p>Future Control 12K Alum &#8211; Pr\u00e9cision absolue \u00e0 chaque coup Le padel est un sport de pr\u00e9cision, d&#8217;intelligence et de contr\u00f4le. La raquette\u00a0Future Control 12K Alum\u00a0a \u00e9t\u00e9 con\u00e7ue pour les joueurs qui construisent chaque point avec\u00a0patience et strat\u00e9gie, en ma\u00eetrisant le timing et en ex\u00e9cutant les coups avec une pr\u00e9cision chirurgicale. C&#8217;est la raquette de [&hellip;]<\/p>\n","protected":false},"featured_media":114679,"comment_status":"open","ping_status":"closed","template":"","meta":[],"product_cat":[84],"product_tag":[],"_links":{"self":[{"href":"https:\/\/www.sport4club.be\/index.php\/wp-json\/wp\/v2\/product\/114678"}],"collection":[{"href":"https:\/\/www.sport4club.be\/index.php\/wp-json\/wp\/v2\/product"}],"about":[{"href":"https:\/\/www.sport4club.be\/index.php\/wp-json\/wp\/v2\/types\/product"}],"replies":[{"embeddable":true,"href":"https:\/\/www.sport4club.be\/index.php\/wp-json\/wp\/v2\/comments?post=114678"}],"wp:featuredmedia":[{"embeddable":true,"href":"https:\/\/www.sport4club.be\/index.php\/wp-json\/wp\/v2\/media\/114679"}],"wp:attachment":[{"href":"https:\/\/www.sport4club.be\/index.php\/wp-json\/wp\/v2\/media?parent=114678"}],"wp:term":[{"taxonomy":"product_cat","embeddable":true,"href":"https:\/\/www.sport4club.be\/index.php\/wp-json\/wp\/v2\/product_cat?post=114678"},{"taxonomy":"product_tag","embeddable":true,"href":"https:\/\/www.sport4club.be\/index.php\/wp-json\/wp\/v2\/product_tag?post=114678"}],"curies":[{"name":"wp","href":"https:\/\/api.w.org\/{rel}","templated":true}]}}