{"id":114666,"date":"2025-02-22T10:39:12","date_gmt":"2025-02-22T09:39:12","guid":{"rendered":"https:\/\/www.sport4club.be\/?post_type=product&#038;p=114666"},"modified":"2025-11-29T09:52:02","modified_gmt":"2025-11-29T08:52:02","slug":"nox-future-attack-12k-alum-25","status":"publish","type":"product","link":"https:\/\/www.sport4club.be\/index.php\/product\/nox-future-attack-12k-alum-25\/","title":{"rendered":"Nox Future Attack 12K Alum 25"},"content":{"rendered":"<h2 data-end=\"218\" data-start=\"142\"><strong data-end=\"216\" data-start=\"145\">Future Attack 12K Alum &#8211; Pleine puissance pour les joueurs agressifs<\/strong><\/h2>\n<p data-end=\"684\" data-start=\"280\">Con\u00e7ue pour les joueurs ayant un style de jeu agressif, la\u00a0<strong data-end=\"370\" data-start=\"344\">Future Attack 12K Alum<\/strong>\u00a0est la raquette pleine puissance utilis\u00e9e par les jeunes joueurs prometteurs de la\u00a0<strong data-end=\"469\" data-start=\"441\">Nox Future Academy (NFA).<\/strong>\u00a0Certains des meilleurs joueurs du circuit junior et professionnel s&#8217;entra\u00eenent \u00e0 l&#8217;acad\u00e9mie Nox, et cette raquette\u00a0<strong data-end=\"681\" data-start=\"590\">est \u00e0 la hauteur des standards les plus \u00e9lev\u00e9s, offrant des performances d&#8217;\u00e9lite sur chaque coup.<\/strong><\/p>\n<h3 data-end=\"735\" data-start=\"686\"><strong data-end=\"733\" data-start=\"690\">Un maximum de punch avec de la stabilit\u00e9 et du contr\u00f4le<\/strong><\/h3>\n<ul data-end=\"1062\" data-start=\"737\">\n<li data-end=\"834\" data-start=\"737\"><strong data-end=\"760\" data-start=\"739\">Forme de diamant<\/strong>, con\u00e7ue pour am\u00e9liorer les coups d&#8217;attaque, en particulier au filet.<\/li>\n<li data-end=\"962\" data-start=\"835\"><strong data-end=\"878\" data-start=\"837\">Structure en carbone avec noyau EV50<\/strong>, garantissant une excellente sortie de balle et une r\u00e9ponse ferme \u00e0 chaque impact.<\/li>\n<li data-end=\"1062\" data-start=\"963\"><strong data-end=\"992\" data-start=\"965\">Face en carbone Alum 12K<\/strong>, optimisant la vitesse et la transmission de la puissance \u00e0 chaque coup.<\/li>\n<\/ul>\n<h3 data-end=\"1114\" data-start=\"1064\"><strong data-end=\"1112\" data-start=\"1068\">Spin et pr\u00e9cision avec SPIN 3D<\/strong><\/h3>\n<ul data-end=\"1331\" data-start=\"1116\">\n<li data-end=\"1238\" data-start=\"1116\"><strong data-end=\"1160\" data-start=\"1118\">Surface rugueuse SPIN 3D<\/strong>, permettant une meilleure accroche de la balle pour g\u00e9n\u00e9rer des effets plus agressifs.<\/li>\n<\/ul>\n<h3 data-end=\"1373\" data-start=\"1333\"><strong data-end=\"1371\" data-start=\"1337\">Une raquette pour dominer le jeu<\/strong><\/h3>\n<p data-end=\"1674\" data-start=\"1375\">La\u00a0<strong data-end=\"1404\" data-start=\"1378\">Future Attack 12K Alum<\/strong>\u00a0n&#8217;est pas seulement destin\u00e9e \u00e0 ceux qui veulent faire de la comp\u00e9tition, mais aussi \u00e0 ceux qui veulent\u00a0<strong data-end=\"1510\" data-start=\"1478\">imposer leur jeu sur le court<\/strong>. Avec un punch d\u00e9vastateur et une technologie de pointe, c&#8217;est le choix parfait pour les joueurs qui cherchent \u00e0\u00a0<strong data-end=\"1671\" data-start=\"1620\">dominer chaque point avec puissance et un contr\u00f4le total.<\/strong><\/p>\n","protected":false},"excerpt":{"rendered":"<p>Future Attack 12K Alum &#8211; Pleine puissance pour les joueurs agressifs Con\u00e7ue pour les joueurs ayant un style de jeu agressif, la\u00a0Future Attack 12K Alum\u00a0est la raquette pleine puissance utilis\u00e9e par les jeunes joueurs prometteurs de la\u00a0Nox Future Academy (NFA).\u00a0Certains des meilleurs joueurs du circuit junior et professionnel s&#8217;entra\u00eenent \u00e0 l&#8217;acad\u00e9mie Nox, et cette raquette\u00a0est [&hellip;]<\/p>\n","protected":false},"featured_media":114667,"comment_status":"open","ping_status":"closed","template":"","meta":[],"product_cat":[84],"product_tag":[],"_links":{"self":[{"href":"https:\/\/www.sport4club.be\/index.php\/wp-json\/wp\/v2\/product\/114666"}],"collection":[{"href":"https:\/\/www.sport4club.be\/index.php\/wp-json\/wp\/v2\/product"}],"about":[{"href":"https:\/\/www.sport4club.be\/index.php\/wp-json\/wp\/v2\/types\/product"}],"replies":[{"embeddable":true,"href":"https:\/\/www.sport4club.be\/index.php\/wp-json\/wp\/v2\/comments?post=114666"}],"wp:featuredmedia":[{"embeddable":true,"href":"https:\/\/www.sport4club.be\/index.php\/wp-json\/wp\/v2\/media\/114667"}],"wp:attachment":[{"href":"https:\/\/www.sport4club.be\/index.php\/wp-json\/wp\/v2\/media?parent=114666"}],"wp:term":[{"taxonomy":"product_cat","embeddable":true,"href":"https:\/\/www.sport4club.be\/index.php\/wp-json\/wp\/v2\/product_cat?post=114666"},{"taxonomy":"product_tag","embeddable":true,"href":"https:\/\/www.sport4club.be\/index.php\/wp-json\/wp\/v2\/product_tag?post=114666"}],"curies":[{"name":"wp","href":"https:\/\/api.w.org\/{rel}","templated":true}]}}