{"id":114649,"date":"2025-02-18T16:52:45","date_gmt":"2025-02-18T15:52:45","guid":{"rendered":"https:\/\/www.sport4club.be\/?post_type=product&#038;p=114649"},"modified":"2025-11-28T09:05:50","modified_gmt":"2025-11-28T08:05:50","slug":"nox-bottle-white","status":"publish","type":"product","link":"https:\/\/www.sport4club.be\/index.php\/product\/nox-bottle-white\/","title":{"rendered":"Nox Bottle White"},"content":{"rendered":"<p>La\u00a0<strong>bouteille NOX White Bottle<\/strong>\u00a0red\u00e9finit la fa\u00e7on dont vous restez hydrat\u00e9, en combinant un design minimaliste avec une fonctionnalit\u00e9 avanc\u00e9e. Parfaite \u00e0 tout moment, que vous soyez sur le terrain de padel, lors d&#8217;un match de beach tennis ou pendant vos s\u00e9ances de pickleball.<\/p>\n<h4>Design minimaliste<\/h4>\n<p>Avec une finition blanche impeccable, la\u00a0<strong>bouteille NOX White<\/strong>\u00a0se distingue par son style \u00e9l\u00e9gant et polyvalent, s&#8217;adaptant \u00e0 tout environnement sportif ou d\u00e9contract\u00e9.<\/p>\n<h4>Mat\u00e9riaux de haute qualit\u00e9<\/h4>\n<p>Fabriqu\u00e9e avec des mat\u00e9riaux de premi\u00e8re qualit\u00e9 qui garantissent une durabilit\u00e9 exceptionnelle, une r\u00e9sistance \u00e0 l&#8217;utilisation intensive et une conservation optimale de la temp\u00e9rature.<\/p>\n<h4>Id\u00e9al pour les athl\u00e8tes<\/h4>\n<p>Con\u00e7ue pour le confort des joueurs de sports de raquette, elle offre une prise en main ergonomique et une conception \u00e9tanche, vous permettant de vous concentrer sur votre performance.<\/p>\n","protected":false},"excerpt":{"rendered":"<p>La\u00a0bouteille NOX White Bottle\u00a0red\u00e9finit la fa\u00e7on dont vous restez hydrat\u00e9, en combinant un design minimaliste avec une fonctionnalit\u00e9 avanc\u00e9e. Parfaite \u00e0 tout moment, que vous soyez sur le terrain de padel, lors d&#8217;un match de beach tennis ou pendant vos s\u00e9ances de pickleball. Design minimaliste Avec une finition blanche impeccable, la\u00a0bouteille NOX White\u00a0se distingue par [&hellip;]<\/p>\n","protected":false},"featured_media":114651,"comment_status":"open","ping_status":"closed","template":"","meta":[],"product_cat":[87],"product_tag":[],"_links":{"self":[{"href":"https:\/\/www.sport4club.be\/index.php\/wp-json\/wp\/v2\/product\/114649"}],"collection":[{"href":"https:\/\/www.sport4club.be\/index.php\/wp-json\/wp\/v2\/product"}],"about":[{"href":"https:\/\/www.sport4club.be\/index.php\/wp-json\/wp\/v2\/types\/product"}],"replies":[{"embeddable":true,"href":"https:\/\/www.sport4club.be\/index.php\/wp-json\/wp\/v2\/comments?post=114649"}],"wp:featuredmedia":[{"embeddable":true,"href":"https:\/\/www.sport4club.be\/index.php\/wp-json\/wp\/v2\/media\/114651"}],"wp:attachment":[{"href":"https:\/\/www.sport4club.be\/index.php\/wp-json\/wp\/v2\/media?parent=114649"}],"wp:term":[{"taxonomy":"product_cat","embeddable":true,"href":"https:\/\/www.sport4club.be\/index.php\/wp-json\/wp\/v2\/product_cat?post=114649"},{"taxonomy":"product_tag","embeddable":true,"href":"https:\/\/www.sport4club.be\/index.php\/wp-json\/wp\/v2\/product_tag?post=114649"}],"curies":[{"name":"wp","href":"https:\/\/api.w.org\/{rel}","templated":true}]}}