{"id":114628,"date":"2025-02-18T16:10:33","date_gmt":"2025-02-18T15:10:33","guid":{"rendered":"https:\/\/www.sport4club.be\/?post_type=product&#038;p=114628"},"modified":"2025-02-18T16:10:33","modified_gmt":"2025-02-18T15:10:33","slug":"nox-softshell-team-black","status":"publish","type":"product","link":"https:\/\/www.sport4club.be\/index.php\/product\/nox-softshell-team-black\/","title":{"rendered":"Nox Softshell Team Black"},"content":{"rendered":"<h2>\u00a0 \u00a0 \u00a0 \u00a0 \u00a0 \u00a0 \u00a0 \u00a0 \u00a0 \u00a0 !! Bient\u00f4t disponible !!<\/h2>\n<h2><strong>NOX Softshell Jacket : Protection et performance illimit\u00e9es<\/strong><\/h2>\n<p>La nouvelle veste softshell\u00a0<strong>NOX<\/strong>\u00a0pour homme, d&#8217;un noir \u00e9l\u00e9gant, a \u00e9t\u00e9 con\u00e7ue pour offrir un\u00a0<strong>maximum de performances et de protection dans toutes les conditions m\u00e9t\u00e9orologiques<\/strong>. Fabriqu\u00e9 avec des mat\u00e9riaux techniques de haute qualit\u00e9, ce v\u00eatement allie\u00a0<strong>l\u00e9g\u00e8ret\u00e9, respirabilit\u00e9 et r\u00e9sistance au vent<\/strong>, garantissant confort et libert\u00e9 de mouvement lors de chaque entra\u00eenement ou comp\u00e9tition.<\/p>\n<h3><strong>Conception ergonomique pour une libert\u00e9 de mouvement totale<\/strong><\/h3>\n<p>Gr\u00e2ce \u00e0 sa\u00a0<strong>coupe ergonomique<\/strong>, la veste s&#8217;adapte au corps sans entraver les mouvements, ce qui en fait le choix id\u00e9al pour les\u00a0<strong>entra\u00eenements en plein air et les comp\u00e9titions exigeantes<\/strong>.<\/p>\n<h3><strong>Mat\u00e9riaux techniques performants<\/strong><\/h3>\n<ul>\n<li><strong>L\u00e9g\u00e8ret\u00e9 et respirabilit\u00e9<\/strong>\u00a0pour garder le corps au sec et \u00e0 l&#8217;aise.<\/li>\n<li><strong>Coupe-vent<\/strong>\u00a0pour une protection suppl\u00e9mentaire par mauvais temps.<\/li>\n<li>La<strong>conception polyvalente<\/strong>\u00a0permet une utilisation sur et en dehors du terrain.<\/li>\n<\/ul>\n<p>Faites passer vos performances au niveau sup\u00e9rieur avec la\u00a0<strong>veste softshell NOX<\/strong>\u00a0et\u00a0<strong>affrontez toutes les conditions m\u00e9t\u00e9orologiques sans limites.<\/strong><\/p>\n","protected":false},"excerpt":{"rendered":"<p>\u00a0 \u00a0 \u00a0 \u00a0 \u00a0 \u00a0 \u00a0 \u00a0 \u00a0 \u00a0 !! Bient\u00f4t disponible !! NOX Softshell Jacket : Protection et performance illimit\u00e9es La nouvelle veste softshell\u00a0NOX\u00a0pour homme, d&#8217;un noir \u00e9l\u00e9gant, a \u00e9t\u00e9 con\u00e7ue pour offrir un\u00a0maximum de performances et de protection dans toutes les conditions m\u00e9t\u00e9orologiques. Fabriqu\u00e9 avec des mat\u00e9riaux techniques de haute qualit\u00e9, ce [&hellip;]<\/p>\n","protected":false},"featured_media":114629,"comment_status":"open","ping_status":"closed","template":"","meta":[],"product_cat":[85],"product_tag":[],"_links":{"self":[{"href":"https:\/\/www.sport4club.be\/index.php\/wp-json\/wp\/v2\/product\/114628"}],"collection":[{"href":"https:\/\/www.sport4club.be\/index.php\/wp-json\/wp\/v2\/product"}],"about":[{"href":"https:\/\/www.sport4club.be\/index.php\/wp-json\/wp\/v2\/types\/product"}],"replies":[{"embeddable":true,"href":"https:\/\/www.sport4club.be\/index.php\/wp-json\/wp\/v2\/comments?post=114628"}],"wp:featuredmedia":[{"embeddable":true,"href":"https:\/\/www.sport4club.be\/index.php\/wp-json\/wp\/v2\/media\/114629"}],"wp:attachment":[{"href":"https:\/\/www.sport4club.be\/index.php\/wp-json\/wp\/v2\/media?parent=114628"}],"wp:term":[{"taxonomy":"product_cat","embeddable":true,"href":"https:\/\/www.sport4club.be\/index.php\/wp-json\/wp\/v2\/product_cat?post=114628"},{"taxonomy":"product_tag","embeddable":true,"href":"https:\/\/www.sport4club.be\/index.php\/wp-json\/wp\/v2\/product_tag?post=114628"}],"curies":[{"name":"wp","href":"https:\/\/api.w.org\/{rel}","templated":true}]}}